{"id":34360,"date":"2026-04-29T10:29:22","date_gmt":"2026-04-29T13:29:22","guid":{"rendered":"https:\/\/bolsadellas.com.br\/?post_type=product&#038;p=34360"},"modified":"2026-04-29T17:18:34","modified_gmt":"2026-04-29T20:18:34","slug":"chaveiro-coach-ny-motif-chain","status":"publish","type":"product","link":"https:\/\/bolsadellas.com.br\/?product=chaveiro-coach-ny-motif-chain","title":{"rendered":"Chaveiro Coach NY Motif Chain"},"content":{"rendered":"<div id=\"details\" class=\"ecn-tab-content active\">\n<div class=\"wrap\">\n<p>&#8211; Metal, resina e esmalte<\/p>\n<p>&#8211; Fechamento por clipe dogleash<\/p>\n<p>&#8211; 26 cm<\/p>\n<\/div>\n<\/div>\n<div id=\"description\" class=\"ecn-tab-content\">\n<h2>Descri\u00e7\u00e3o<\/h2>\n<div class=\"wrap\">\n<div class=\"productDescription\">\n<p>Motivos ic\u00f4nicos de Nova York balan\u00e7am alegremente neste pingente para bolsa inspirado em joias antigas. Ele adiciona um pouco da energia da Big Apple \u00e0 sua bolsa ou chaveiro favorito.<\/p>\n<\/div>\n<\/div>\n<\/div>\n","protected":false},"excerpt":{"rendered":"<p>&#8211; Metal, resina e esmalte &#8211; Fechamento por clipe dogleash &#8211; 26 cm Descri\u00e7\u00e3o Motivos ic\u00f4nicos de Nova York balan\u00e7am alegremente neste pingente para bolsa inspirado em joias antigas. Ele adiciona um pouco da energia da Big Apple \u00e0 sua bolsa ou chaveiro favorito.<\/p>\n","protected":false},"featured_media":34361,"template":"","meta":[],"product_brand":[],"product_cat":[358,106,363,349,366],"product_tag":[],"class_list":{"0":"post-34360","1":"product","2":"type-product","3":"status-publish","4":"has-post-thumbnail","6":"product_cat-alcas","7":"product_cat-bolsas","8":"product_cat-chaveiro","9":"product_cat-coach","10":"product_cat-todos-os-produtos","11":"latest_post","13":"first","14":"instock","15":"taxable","16":"shipping-taxable","17":"purchasable","18":"product-type-simple"},"_links":{"self":[{"href":"https:\/\/bolsadellas.com.br\/index.php?rest_route=\/wp\/v2\/product\/34360","targetHints":{"allow":["GET"]}}],"collection":[{"href":"https:\/\/bolsadellas.com.br\/index.php?rest_route=\/wp\/v2\/product"}],"about":[{"href":"https:\/\/bolsadellas.com.br\/index.php?rest_route=\/wp\/v2\/types\/product"}],"wp:featuredmedia":[{"embeddable":true,"href":"https:\/\/bolsadellas.com.br\/index.php?rest_route=\/wp\/v2\/media\/34361"}],"wp:attachment":[{"href":"https:\/\/bolsadellas.com.br\/index.php?rest_route=%2Fwp%2Fv2%2Fmedia&parent=34360"}],"wp:term":[{"taxonomy":"product_brand","embeddable":true,"href":"https:\/\/bolsadellas.com.br\/index.php?rest_route=%2Fwp%2Fv2%2Fproduct_brand&post=34360"},{"taxonomy":"product_cat","embeddable":true,"href":"https:\/\/bolsadellas.com.br\/index.php?rest_route=%2Fwp%2Fv2%2Fproduct_cat&post=34360"},{"taxonomy":"product_tag","embeddable":true,"href":"https:\/\/bolsadellas.com.br\/index.php?rest_route=%2Fwp%2Fv2%2Fproduct_tag&post=34360"}],"curies":[{"name":"wp","href":"https:\/\/api.w.org\/{rel}","templated":true}]}}