{"id":34180,"date":"2026-04-17T18:54:03","date_gmt":"2026-04-17T21:54:03","guid":{"rendered":"https:\/\/bolsadellas.com.br\/?post_type=product&#038;p=34180"},"modified":"2026-04-17T18:54:03","modified_gmt":"2026-04-17T21:54:03","slug":"bolsa-coach-juliet-25-preta","status":"publish","type":"product","link":"https:\/\/bolsadellas.com.br\/?product=bolsa-coach-juliet-25-preta","title":{"rendered":"Bolsa Coach Juliet 25 preta"},"content":{"rendered":"<div class=\"woocommerce-tabs wc-tabs-wrapper\">\n<div id=\"tab-description\" class=\"woocommerce-Tabs-panel woocommerce-Tabs-panel--description panel entry-content wc-tab\" role=\"tabpanel\" aria-labelledby=\"tab-title-description\">\n<h2>Descri\u00e7\u00e3o<\/h2>\n<p>\u2013 Couro Glovetanned<\/p>\n<p>\u2013 Bolso interno com fecho de press\u00e3o<\/p>\n<p>\u2013 Fecho por z\u00edper, forro em tecido<\/p>\n<p>\u2013 Al\u00e7a curta remov\u00edvel com abertura de 29 cm<\/p>\n<p>\u2013 Al\u00e7a de corrente remov\u00edvel com abertura de 29 cm<\/p>\n<p>\u2013 Al\u00e7a longa remov\u00edvel com abertura de 54,5 cm para uso no ombro ou na transversal<\/p>\n<p>\u2013 25 cm (Largura) x 11 cm (Altura) x 10 cm (Profundidade)<\/p>\n<p>&nbsp;<\/p>\n<p>Atemporal e com um toque diferente, nossa Juliet tem um estilo sofisticado com um formato relaxado e descontra\u00eddo, \u00e9 uma bolsa compacta feita de nosso couro Glovetanned macio e amanteigado. Apresentando um bolso interno para organizar itens essenciais, o modelo de um compartimento \u00e9 finalizado com uma al\u00e7a de corrente remov\u00edvel, al\u00e7a de ombro curta e al\u00e7a transversal para maior versatilidade. \u00c9 elegante, espa\u00e7osa, moderna e funcional (basicamente, tudo o que voc\u00ea deseja em uma bolsa).<\/p>\n<\/div>\n<\/div>\n","protected":false},"excerpt":{"rendered":"<p>Descri\u00e7\u00e3o \u2013 Couro Glovetanned \u2013 Bolso interno com fecho de press\u00e3o \u2013 Fecho por z\u00edper, forro em tecido \u2013 Al\u00e7a curta remov\u00edvel com abertura de 29 cm \u2013 Al\u00e7a de corrente remov\u00edvel com abertura de 29 cm \u2013 Al\u00e7a longa remov\u00edvel com abertura de 54,5 cm para uso no ombro ou na transversal \u2013 25 &hellip; <\/p>\n","protected":false},"featured_media":34182,"template":"","meta":[],"product_brand":[],"product_cat":[106,349,366],"product_tag":[],"class_list":{"0":"post-34180","1":"product","2":"type-product","3":"status-publish","4":"has-post-thumbnail","6":"product_cat-bolsas","7":"product_cat-coach","8":"product_cat-todos-os-produtos","9":"latest_post","11":"first","12":"instock","13":"taxable","14":"shipping-taxable","15":"purchasable","16":"product-type-simple"},"_links":{"self":[{"href":"https:\/\/bolsadellas.com.br\/index.php?rest_route=\/wp\/v2\/product\/34180","targetHints":{"allow":["GET"]}}],"collection":[{"href":"https:\/\/bolsadellas.com.br\/index.php?rest_route=\/wp\/v2\/product"}],"about":[{"href":"https:\/\/bolsadellas.com.br\/index.php?rest_route=\/wp\/v2\/types\/product"}],"wp:featuredmedia":[{"embeddable":true,"href":"https:\/\/bolsadellas.com.br\/index.php?rest_route=\/wp\/v2\/media\/34182"}],"wp:attachment":[{"href":"https:\/\/bolsadellas.com.br\/index.php?rest_route=%2Fwp%2Fv2%2Fmedia&parent=34180"}],"wp:term":[{"taxonomy":"product_brand","embeddable":true,"href":"https:\/\/bolsadellas.com.br\/index.php?rest_route=%2Fwp%2Fv2%2Fproduct_brand&post=34180"},{"taxonomy":"product_cat","embeddable":true,"href":"https:\/\/bolsadellas.com.br\/index.php?rest_route=%2Fwp%2Fv2%2Fproduct_cat&post=34180"},{"taxonomy":"product_tag","embeddable":true,"href":"https:\/\/bolsadellas.com.br\/index.php?rest_route=%2Fwp%2Fv2%2Fproduct_tag&post=34180"}],"curies":[{"name":"wp","href":"https:\/\/api.w.org\/{rel}","templated":true}]}}