{"id":33959,"date":"2026-05-01T13:50:53","date_gmt":"2026-05-01T16:50:53","guid":{"rendered":"https:\/\/bolsadellas.com.br\/?post_type=product&#038;p=33959"},"modified":"2026-05-14T10:35:21","modified_gmt":"2026-05-14T13:35:21","slug":"relogio-technos-riviera-6p79bw-1p","status":"publish","type":"product","link":"https:\/\/bolsadellas.com.br\/?product=relogio-technos-riviera-6p79bw-1p","title":{"rendered":"Rel\u00f3gio Technos Riviera 6P79BW\/1P"},"content":{"rendered":"<p>Rel\u00f3gio Technos Riviera feminino com design cl\u00e1ssico, pulseira de a\u00e7o inoxid\u00e1vel em 7 links e aro externo corrugado. Seu mostrador conta com assinatura de linha, aplica\u00e7\u00e3o de pedras nos marcadores de hora e aro interno com marca\u00e7\u00e3o dos minutos. Produto 100% em a\u00e7o inoxid\u00e1vel, com m\u00e1quina quartz japonesa Miyota multifun\u00e7\u00e3o e resist\u00eancia \u00e0 \u00e1gua de 50 metros.<\/p>\n<ul class=\"list-disc list-circle pl-5\">\n<li><strong>G\u00eanero<\/strong>:\u00a0Feminino<\/li>\n<li><strong>Banho<\/strong>:\u00a0Dourado<\/li>\n<li><strong>Tipo<\/strong>:\u00a0Anal\u00f3gico<\/li>\n<li><strong>Material da Caixa<\/strong>:\u00a0A\u00e7o<\/li>\n<li><strong>Cor da Caixa<\/strong>: Dourada<\/li>\n<li><strong>Cor do Mostrador<\/strong>: Preto<\/li>\n<li><strong>Material da Pulseira<\/strong>:\u00a0A\u00e7o<\/li>\n<li><strong>Cor da Pulseira<\/strong>:\u00a0Dourado<\/li>\n<li><strong>Resist\u00eancia \u00e0 \u00c1gua<\/strong>:\u00a05 ATM<\/li>\n<li><strong>Largura da Caixa (cm)<\/strong>:\u00a03,8<\/li>\n<li><strong>Garantia<\/strong>:\u00a012 meses<\/li>\n<\/ul>\n","protected":false},"excerpt":{"rendered":"<p>Rel\u00f3gio Technos Riviera feminino com design cl\u00e1ssico, pulseira de a\u00e7o inoxid\u00e1vel em 7 links e aro externo corrugado. Seu mostrador conta com assinatura de linha, aplica\u00e7\u00e3o de pedras nos marcadores de hora e aro interno com marca\u00e7\u00e3o dos minutos. Produto 100% em a\u00e7o inoxid\u00e1vel, com m\u00e1quina quartz japonesa Miyota multifun\u00e7\u00e3o e resist\u00eancia \u00e0 \u00e1gua de &hellip; <\/p>\n","protected":false},"featured_media":33960,"template":"","meta":[],"product_brand":[],"product_cat":[107,367,366],"product_tag":[],"class_list":{"0":"post-33959","1":"product","2":"type-product","3":"status-publish","4":"has-post-thumbnail","6":"product_cat-relogios","7":"product_cat-technos","8":"product_cat-todos-os-produtos","9":"latest_post","11":"first","12":"instock","13":"taxable","14":"shipping-taxable","15":"purchasable","16":"product-type-simple"},"_links":{"self":[{"href":"https:\/\/bolsadellas.com.br\/index.php?rest_route=\/wp\/v2\/product\/33959","targetHints":{"allow":["GET"]}}],"collection":[{"href":"https:\/\/bolsadellas.com.br\/index.php?rest_route=\/wp\/v2\/product"}],"about":[{"href":"https:\/\/bolsadellas.com.br\/index.php?rest_route=\/wp\/v2\/types\/product"}],"wp:featuredmedia":[{"embeddable":true,"href":"https:\/\/bolsadellas.com.br\/index.php?rest_route=\/wp\/v2\/media\/33960"}],"wp:attachment":[{"href":"https:\/\/bolsadellas.com.br\/index.php?rest_route=%2Fwp%2Fv2%2Fmedia&parent=33959"}],"wp:term":[{"taxonomy":"product_brand","embeddable":true,"href":"https:\/\/bolsadellas.com.br\/index.php?rest_route=%2Fwp%2Fv2%2Fproduct_brand&post=33959"},{"taxonomy":"product_cat","embeddable":true,"href":"https:\/\/bolsadellas.com.br\/index.php?rest_route=%2Fwp%2Fv2%2Fproduct_cat&post=33959"},{"taxonomy":"product_tag","embeddable":true,"href":"https:\/\/bolsadellas.com.br\/index.php?rest_route=%2Fwp%2Fv2%2Fproduct_tag&post=33959"}],"curies":[{"name":"wp","href":"https:\/\/api.w.org\/{rel}","templated":true}]}}