{"id":33942,"date":"2026-04-15T13:10:52","date_gmt":"2026-04-15T16:10:52","guid":{"rendered":"https:\/\/bolsadellas.com.br\/?post_type=product&#038;p=33942"},"modified":"2026-05-07T14:37:36","modified_gmt":"2026-05-07T17:37:36","slug":"relogio-technos-mini-joia-dourado-2025luv-1k","status":"publish","type":"product","link":"https:\/\/bolsadellas.com.br\/?product=relogio-technos-mini-joia-dourado-2025luv-1k","title":{"rendered":"Rel\u00f3gio Technos Mini Joia Dourado 2025LUV\/1K"},"content":{"rendered":"<p>Os novos modelos da linha Mini Joias traduzem sofistica\u00e7\u00e3o em um design delicado e atemporal. Com aro com aplica\u00e7\u00e3o de pedras e pulseira s\u00f3lida texturizada em a\u00e7o inoxid\u00e1vel com 7 links, os modelos se destacam pelo acabamento refinado e pelo visual elegante. A numera\u00e7\u00e3o romana no mostrador refor\u00e7a o car\u00e1ter cl\u00e1ssico da pe\u00e7a, equilibrando tradi\u00e7\u00e3o e modernidade. Dispon\u00edvel nos banhos prata ou dourado com tamanho de caixa de 23mm.<\/p>\n<ul class=\"list-disc list-circle pl-5\">\n<li><strong>G\u00eanero<\/strong>:\u00a0Feminino<\/li>\n<li><strong>Banho<\/strong>:\u00a0Dourado<\/li>\n<li><strong>Tipo<\/strong>:\u00a0Anal\u00f3gico<\/li>\n<li><strong>Material da Caixa<\/strong>:\u00a0A\u00e7o<\/li>\n<li><strong>Cor da Caixa<\/strong>:\u00a0Dourado<\/li>\n<li><strong>Formato<\/strong>:\u00a0Quadrado<\/li>\n<li><strong>Cor do Mostrador<\/strong>:\u00a0Prata<\/li>\n<li><strong>Material da Pulseira<\/strong>:\u00a0A\u00e7o<\/li>\n<li><strong>Cor da Pulseira<\/strong>:\u00a0Dourado<\/li>\n<li><strong>Resist\u00eancia \u00e0 \u00c1gua<\/strong>:\u00a03 ATM<\/li>\n<li><strong>Largura da Caixa (cm)<\/strong>:\u00a02,3<\/li>\n<li><strong>Garantia<\/strong>:\u00a012 meses<\/li>\n<\/ul>\n","protected":false},"excerpt":{"rendered":"<p>Os novos modelos da linha Mini Joias traduzem sofistica\u00e7\u00e3o em um design delicado e atemporal. Com aro com aplica\u00e7\u00e3o de pedras e pulseira s\u00f3lida texturizada em a\u00e7o inoxid\u00e1vel com 7 links, os modelos se destacam pelo acabamento refinado e pelo visual elegante. A numera\u00e7\u00e3o romana no mostrador refor\u00e7a o car\u00e1ter cl\u00e1ssico da pe\u00e7a, equilibrando tradi\u00e7\u00e3o &hellip; <\/p>\n","protected":false},"featured_media":33943,"template":"","meta":[],"product_brand":[],"product_cat":[107,367,366],"product_tag":[],"class_list":{"0":"post-33942","1":"product","2":"type-product","3":"status-publish","4":"has-post-thumbnail","6":"product_cat-relogios","7":"product_cat-technos","8":"product_cat-todos-os-produtos","9":"latest_post","11":"first","12":"instock","13":"taxable","14":"shipping-taxable","15":"purchasable","16":"product-type-simple"},"_links":{"self":[{"href":"https:\/\/bolsadellas.com.br\/index.php?rest_route=\/wp\/v2\/product\/33942","targetHints":{"allow":["GET"]}}],"collection":[{"href":"https:\/\/bolsadellas.com.br\/index.php?rest_route=\/wp\/v2\/product"}],"about":[{"href":"https:\/\/bolsadellas.com.br\/index.php?rest_route=\/wp\/v2\/types\/product"}],"wp:featuredmedia":[{"embeddable":true,"href":"https:\/\/bolsadellas.com.br\/index.php?rest_route=\/wp\/v2\/media\/33943"}],"wp:attachment":[{"href":"https:\/\/bolsadellas.com.br\/index.php?rest_route=%2Fwp%2Fv2%2Fmedia&parent=33942"}],"wp:term":[{"taxonomy":"product_brand","embeddable":true,"href":"https:\/\/bolsadellas.com.br\/index.php?rest_route=%2Fwp%2Fv2%2Fproduct_brand&post=33942"},{"taxonomy":"product_cat","embeddable":true,"href":"https:\/\/bolsadellas.com.br\/index.php?rest_route=%2Fwp%2Fv2%2Fproduct_cat&post=33942"},{"taxonomy":"product_tag","embeddable":true,"href":"https:\/\/bolsadellas.com.br\/index.php?rest_route=%2Fwp%2Fv2%2Fproduct_tag&post=33942"}],"curies":[{"name":"wp","href":"https:\/\/api.w.org\/{rel}","templated":true}]}}