{"id":33705,"date":"2026-03-21T14:42:20","date_gmt":"2026-03-21T17:42:20","guid":{"rendered":"https:\/\/bolsadellas.com.br\/?post_type=product&#038;p=33705"},"modified":"2026-03-23T09:39:46","modified_gmt":"2026-03-23T12:39:46","slug":"mochila-coach-wade-maple","status":"publish","type":"product","link":"https:\/\/bolsadellas.com.br\/?product=mochila-coach-wade-maple","title":{"rendered":"Mochila Coach Wade maple"},"content":{"rendered":"<p><span dir=\"auto\">A mochila &#8216;Wade&#8217; da Coach equilibra o requinte do acabamento com a praticidade para o dia a dia.<\/span><\/p>\n<p><span dir=\"auto\">\u2022 Confeccionada em couro granulado com dois compartimentos com z\u00edper e um bolso frontal para organiza\u00e7\u00e3o.<\/span><\/p>\n<p><span dir=\"auto\">\u2022 Com acabamento em metal prateado e silhueta moderna, ideal para uso vers\u00e1til na cidade.<\/span><\/p>\n<p><span dir=\"auto\">\u2022 Cor: Marrom<\/span><\/p>\n<p><span dir=\"auto\">\u2022 Couro de bezerro granulado\u00a0<\/span><\/p>\n<p><span dir=\"auto\">\u2022 Forro de tecido<\/span><\/p>\n<p><span dir=\"auto\">\u2022 Al\u00e7a superior com 8,25 cm de altura<\/span><\/p>\n<p><span dir=\"auto\">\u2022 Al\u00e7as de ombro ajust\u00e1veis<\/span><\/p>\n<p><span dir=\"auto\">\u2022 Bolso externo com z\u00edper<\/span><\/p>\n<p><span dir=\"auto\">\u2022 Bolsos internos com z\u00edper, para celular e multifuncionais<\/span><\/p>\n<p><span dir=\"auto\">\u2022 Um compartimento principal com fecho de correr<\/span><\/p>\n<p><span dir=\"auto\">\u2022 Comprimento: 31,8 cm<\/span><\/p>\n<p><span dir=\"auto\">\u2022 Altura: 42,5 cm<\/span><\/p>\n<p><span dir=\"auto\">\u2022 Largura: 15,2 cm<\/span><\/p>\n<p>&nbsp;<\/p>\n","protected":false},"excerpt":{"rendered":"<p>A mochila &#8216;Wade&#8217; da Coach equilibra o requinte do acabamento com a praticidade para o dia a dia. \u2022 Confeccionada em couro granulado com dois compartimentos com z\u00edper e um bolso frontal para organiza\u00e7\u00e3o. \u2022 Com acabamento em metal prateado e silhueta moderna, ideal para uso vers\u00e1til na cidade. \u2022 Cor: Marrom \u2022 Couro de &hellip; <\/p>\n","protected":false},"featured_media":33706,"template":"","meta":[],"product_brand":[],"product_cat":[106,349,329,366],"product_tag":[],"class_list":{"0":"post-33705","1":"product","2":"type-product","3":"status-publish","4":"has-post-thumbnail","6":"product_cat-bolsas","7":"product_cat-coach","8":"product_cat-mochila","9":"product_cat-todos-os-produtos","10":"latest_post","12":"first","13":"instock","14":"taxable","15":"shipping-taxable","16":"purchasable","17":"product-type-simple"},"_links":{"self":[{"href":"https:\/\/bolsadellas.com.br\/index.php?rest_route=\/wp\/v2\/product\/33705","targetHints":{"allow":["GET"]}}],"collection":[{"href":"https:\/\/bolsadellas.com.br\/index.php?rest_route=\/wp\/v2\/product"}],"about":[{"href":"https:\/\/bolsadellas.com.br\/index.php?rest_route=\/wp\/v2\/types\/product"}],"wp:featuredmedia":[{"embeddable":true,"href":"https:\/\/bolsadellas.com.br\/index.php?rest_route=\/wp\/v2\/media\/33706"}],"wp:attachment":[{"href":"https:\/\/bolsadellas.com.br\/index.php?rest_route=%2Fwp%2Fv2%2Fmedia&parent=33705"}],"wp:term":[{"taxonomy":"product_brand","embeddable":true,"href":"https:\/\/bolsadellas.com.br\/index.php?rest_route=%2Fwp%2Fv2%2Fproduct_brand&post=33705"},{"taxonomy":"product_cat","embeddable":true,"href":"https:\/\/bolsadellas.com.br\/index.php?rest_route=%2Fwp%2Fv2%2Fproduct_cat&post=33705"},{"taxonomy":"product_tag","embeddable":true,"href":"https:\/\/bolsadellas.com.br\/index.php?rest_route=%2Fwp%2Fv2%2Fproduct_tag&post=33705"}],"curies":[{"name":"wp","href":"https:\/\/api.w.org\/{rel}","templated":true}]}}

<p><span dir="auto">A mochila &#8216;Wade&#8217; da Coach equilibra o requinte do acabamento com a praticidade para o dia a dia.</span></p>
<p><span dir="auto">• Confeccionada em couro granulado com dois compartimentos com zíper e um bolso frontal para organização.</span></p>
<p><span dir="auto">• Com acabamento em metal prateado e silhueta moderna, ideal para uso versátil na cidade.</span></p>
<p><span dir="auto">• Cor: Marrom</span></p>
<p><span dir="auto">• Couro de bezerro granulado </span></p>
<p><span dir="auto">• Forro de tecido</span></p>
<p><span dir="auto">• Alça superior com 8,25 cm de altura</span></p>
<p><span dir="auto">• Alças de ombro ajustáveis</span></p>
<p><span dir="auto">• Bolso externo com zíper</span></p>
<p><span dir="auto">• Bolsos internos com zíper, para celular e multifuncionais</span></p>
<p><span dir="auto">• Um compartimento principal com fecho de correr</span></p>
<p><span dir="auto">• Comprimento: 31,8 cm</span></p>
<p><span dir="auto">• Altura: 42,5 cm</span></p>
<p><span dir="auto">• Largura: 15,2 cm</span></p>
<p>&nbsp;</p>

<p>A mochila &#8216;Wade&#8217; da Coach equilibra o requinte do acabamento com a praticidade para o dia a dia. • Confeccionada em couro granulado com dois compartimentos com zíper e um bolso frontal para organização. • Com acabamento em metal prateado e silhueta moderna, ideal para uso versátil na cidade. • Cor: Marrom • Couro de &hellip; </p>
