{"id":33411,"date":"2026-03-22T16:59:57","date_gmt":"2026-03-22T19:59:57","guid":{"rendered":"https:\/\/bolsadellas.com.br\/?post_type=product&#038;p=33411"},"modified":"2026-03-23T16:29:59","modified_gmt":"2026-03-23T19:29:59","slug":"bolsa-coach-tabby-quilting-olive-suede","status":"publish","type":"product","link":"https:\/\/bolsadellas.com.br\/?product=bolsa-coach-tabby-quilting-olive-suede","title":{"rendered":"Bolsa Coach Tabby quilting olive suede"},"content":{"rendered":"<p>Uma vers\u00e3o moderna de um design cl\u00e1ssico da Coach dos anos 70, nossa bolsa transversal estruturada Tabby Chain 19 \u00e9 confeccionada em camur\u00e7a aveludada acolchoada. Com acabamento em ferragens exclusivas, este modelo organizado de dois compartimentos tem o tamanho perfeito para cart\u00f5es, dinheiro e celular, al\u00e9m de um pr\u00e1tico bolso externo para f\u00e1cil acesso a itens essenciais. Vers\u00e1til, pode ser usada como carteira de pulso, carteira de m\u00e3o ou transversal com a elegante al\u00e7a de corrente, tornando-a a escolha perfeita tanto para looks formais quanto casuais.<\/p>\n<div class=\"product-props__details\">\n<ul>\n<li><span dir=\"auto\">Camur\u00e7a e couro liso<\/span><\/li>\n<li><span dir=\"auto\">Forro de tecido<\/span><\/li>\n<\/ul>\n<\/div>\n<p>&nbsp;<\/p>\n<div class=\"product-props__details\">\n<ul>\n<li><span dir=\"auto\">Al\u00e7a de pulso remov\u00edvel<\/span><\/li>\n<li><span dir=\"auto\">Al\u00e7a de corrente remov\u00edvel com 54,6 cm de comprimento para usar no ombro ou transversalmente.<\/span><\/li>\n<\/ul>\n<p>Medidas: 19 x 11 cm.<\/p>\n<\/div>\n","protected":false},"excerpt":{"rendered":"<p>Uma vers\u00e3o moderna de um design cl\u00e1ssico da Coach dos anos 70, nossa bolsa transversal estruturada Tabby Chain 19 \u00e9 confeccionada em camur\u00e7a aveludada acolchoada. Com acabamento em ferragens exclusivas, este modelo organizado de dois compartimentos tem o tamanho perfeito para cart\u00f5es, dinheiro e celular, al\u00e9m de um pr\u00e1tico bolso externo para f\u00e1cil acesso a &hellip; <\/p>\n","protected":false},"featured_media":33412,"template":"","meta":[],"product_brand":[],"product_cat":[106,349,366],"product_tag":[],"class_list":{"0":"post-33411","1":"product","2":"type-product","3":"status-publish","4":"has-post-thumbnail","6":"product_cat-bolsas","7":"product_cat-coach","8":"product_cat-todos-os-produtos","9":"latest_post","11":"first","12":"instock","13":"taxable","14":"shipping-taxable","15":"purchasable","16":"product-type-simple"},"_links":{"self":[{"href":"https:\/\/bolsadellas.com.br\/index.php?rest_route=\/wp\/v2\/product\/33411","targetHints":{"allow":["GET"]}}],"collection":[{"href":"https:\/\/bolsadellas.com.br\/index.php?rest_route=\/wp\/v2\/product"}],"about":[{"href":"https:\/\/bolsadellas.com.br\/index.php?rest_route=\/wp\/v2\/types\/product"}],"wp:featuredmedia":[{"embeddable":true,"href":"https:\/\/bolsadellas.com.br\/index.php?rest_route=\/wp\/v2\/media\/33412"}],"wp:attachment":[{"href":"https:\/\/bolsadellas.com.br\/index.php?rest_route=%2Fwp%2Fv2%2Fmedia&parent=33411"}],"wp:term":[{"taxonomy":"product_brand","embeddable":true,"href":"https:\/\/bolsadellas.com.br\/index.php?rest_route=%2Fwp%2Fv2%2Fproduct_brand&post=33411"},{"taxonomy":"product_cat","embeddable":true,"href":"https:\/\/bolsadellas.com.br\/index.php?rest_route=%2Fwp%2Fv2%2Fproduct_cat&post=33411"},{"taxonomy":"product_tag","embeddable":true,"href":"https:\/\/bolsadellas.com.br\/index.php?rest_route=%2Fwp%2Fv2%2Fproduct_tag&post=33411"}],"curies":[{"name":"wp","href":"https:\/\/api.w.org\/{rel}","templated":true}]}}