{"id":33226,"date":"2026-01-26T12:20:46","date_gmt":"2026-01-26T15:20:46","guid":{"rendered":"https:\/\/bolsadellas.com.br\/?post_type=product&#038;p=33226"},"modified":"2026-03-09T15:15:50","modified_gmt":"2026-03-09T18:15:50","slug":"bolsa-coach-empire-carryall-34","status":"publish","type":"product","link":"https:\/\/bolsadellas.com.br\/?product=bolsa-coach-empire-carryall-34","title":{"rendered":"Bolsa Coach Empire Carryall 34"},"content":{"rendered":"<p>Uma silhueta de inspira\u00e7\u00e3o vintage, nossa Empire Carryall foi projetada com um estado de esp\u00edrito e atitude de Nova York. Feita de couro macio que \u00e9 polido para uma sensa\u00e7\u00e3o luxuosa e esmaltado para um acabamento de alto brilho, o alongado modelo 34 apresenta um interior espa\u00e7oso com um bolso multifuncional para guardar pequenos itens essenciais e um dogleash para prender um chaveiro ou bolsa. \u00c9 finalizada com fivelas internas para expandir os refor\u00e7os laterais quando voc\u00ea precisa de um pouco mais de espa\u00e7o e al\u00e7as longas e finas que se encaixam perfeitamente no ombro.<\/p>\n","protected":false},"excerpt":{"rendered":"<p>Uma silhueta de inspira\u00e7\u00e3o vintage, nossa Empire Carryall foi projetada com um estado de esp\u00edrito e atitude de Nova York. Feita de couro macio que \u00e9 polido para uma sensa\u00e7\u00e3o luxuosa e esmaltado para um acabamento de alto brilho, o alongado modelo 34 apresenta um interior espa\u00e7oso com um bolso multifuncional para guardar pequenos itens &hellip; <\/p>\n","protected":false},"featured_media":33227,"template":"","meta":[],"product_brand":[],"product_cat":[106,349,366],"product_tag":[],"class_list":{"0":"post-33226","1":"product","2":"type-product","3":"status-publish","4":"has-post-thumbnail","6":"product_cat-bolsas","7":"product_cat-coach","8":"product_cat-todos-os-produtos","9":"latest_post","11":"first","12":"outofstock","13":"taxable","14":"shipping-taxable","15":"purchasable","16":"product-type-simple"},"_links":{"self":[{"href":"https:\/\/bolsadellas.com.br\/index.php?rest_route=\/wp\/v2\/product\/33226","targetHints":{"allow":["GET"]}}],"collection":[{"href":"https:\/\/bolsadellas.com.br\/index.php?rest_route=\/wp\/v2\/product"}],"about":[{"href":"https:\/\/bolsadellas.com.br\/index.php?rest_route=\/wp\/v2\/types\/product"}],"wp:featuredmedia":[{"embeddable":true,"href":"https:\/\/bolsadellas.com.br\/index.php?rest_route=\/wp\/v2\/media\/33227"}],"wp:attachment":[{"href":"https:\/\/bolsadellas.com.br\/index.php?rest_route=%2Fwp%2Fv2%2Fmedia&parent=33226"}],"wp:term":[{"taxonomy":"product_brand","embeddable":true,"href":"https:\/\/bolsadellas.com.br\/index.php?rest_route=%2Fwp%2Fv2%2Fproduct_brand&post=33226"},{"taxonomy":"product_cat","embeddable":true,"href":"https:\/\/bolsadellas.com.br\/index.php?rest_route=%2Fwp%2Fv2%2Fproduct_cat&post=33226"},{"taxonomy":"product_tag","embeddable":true,"href":"https:\/\/bolsadellas.com.br\/index.php?rest_route=%2Fwp%2Fv2%2Fproduct_tag&post=33226"}],"curies":[{"name":"wp","href":"https:\/\/api.w.org\/{rel}","templated":true}]}}