{"id":32901,"date":"2026-03-11T10:52:35","date_gmt":"2026-03-11T13:52:35","guid":{"rendered":"https:\/\/bolsadellas.com.br\/?post_type=product&#038;p=32901"},"modified":"2026-03-16T14:24:47","modified_gmt":"2026-03-16T17:24:47","slug":"bolsa-coach-brooklyn-28-suede-oliva","status":"publish","type":"product","link":"https:\/\/bolsadellas.com.br\/?product=bolsa-coach-brooklyn-28-suede-oliva","title":{"rendered":"Bolsa Coach Brooklyn 28 suede oliva"},"content":{"rendered":"<p>Nossa bolsa Brooklyn tem uma silhueta elegante e minimalista, com uma atitude inconfundivelmente nova-iorquina. O modelo hobo de tamanho pequeno \u00e9 confeccionado em camur\u00e7a dupla face dur\u00e1vel e luxuosamente macia. Com um interior espa\u00e7oso e um bolso com fecho de press\u00e3o para acesso r\u00e1pido a itens essenciais, a Brooklyn 28 possui uma al\u00e7a de ombro larga e confort\u00e1vel e um pr\u00e1tico fecho magn\u00e9tico.<\/p>\n","protected":false},"excerpt":{"rendered":"<p>Nossa bolsa Brooklyn tem uma silhueta elegante e minimalista, com uma atitude inconfundivelmente nova-iorquina. O modelo hobo de tamanho pequeno \u00e9 confeccionado em camur\u00e7a dupla face dur\u00e1vel e luxuosamente macia. Com um interior espa\u00e7oso e um bolso com fecho de press\u00e3o para acesso r\u00e1pido a itens essenciais, a Brooklyn 28 possui uma al\u00e7a de ombro &hellip; <\/p>\n","protected":false},"featured_media":32902,"template":"","meta":[],"product_brand":[],"product_cat":[106,349,366],"product_tag":[],"class_list":{"0":"post-32901","1":"product","2":"type-product","3":"status-publish","4":"has-post-thumbnail","6":"product_cat-bolsas","7":"product_cat-coach","8":"product_cat-todos-os-produtos","9":"latest_post","11":"first","12":"instock","13":"taxable","14":"shipping-taxable","15":"purchasable","16":"product-type-simple"},"_links":{"self":[{"href":"https:\/\/bolsadellas.com.br\/index.php?rest_route=\/wp\/v2\/product\/32901","targetHints":{"allow":["GET"]}}],"collection":[{"href":"https:\/\/bolsadellas.com.br\/index.php?rest_route=\/wp\/v2\/product"}],"about":[{"href":"https:\/\/bolsadellas.com.br\/index.php?rest_route=\/wp\/v2\/types\/product"}],"wp:featuredmedia":[{"embeddable":true,"href":"https:\/\/bolsadellas.com.br\/index.php?rest_route=\/wp\/v2\/media\/32902"}],"wp:attachment":[{"href":"https:\/\/bolsadellas.com.br\/index.php?rest_route=%2Fwp%2Fv2%2Fmedia&parent=32901"}],"wp:term":[{"taxonomy":"product_brand","embeddable":true,"href":"https:\/\/bolsadellas.com.br\/index.php?rest_route=%2Fwp%2Fv2%2Fproduct_brand&post=32901"},{"taxonomy":"product_cat","embeddable":true,"href":"https:\/\/bolsadellas.com.br\/index.php?rest_route=%2Fwp%2Fv2%2Fproduct_cat&post=32901"},{"taxonomy":"product_tag","embeddable":true,"href":"https:\/\/bolsadellas.com.br\/index.php?rest_route=%2Fwp%2Fv2%2Fproduct_tag&post=32901"}],"curies":[{"name":"wp","href":"https:\/\/api.w.org\/{rel}","templated":true}]}}