{"id":32570,"date":"2026-02-02T10:55:13","date_gmt":"2026-02-02T13:55:13","guid":{"rendered":"https:\/\/bolsadellas.com.br\/?post_type=product&#038;p=32570"},"modified":"2026-03-31T11:11:43","modified_gmt":"2026-03-31T14:11:43","slug":"bolsa-coach-soft-tabby-shoulder-off-2","status":"publish","type":"product","link":"https:\/\/bolsadellas.com.br\/?product=bolsa-coach-soft-tabby-shoulder-off-2","title":{"rendered":"Bolsa Coach Soft Tabby Shoulder off"},"content":{"rendered":"<div id=\"details\" class=\"ecn-tab-content active\">\n<div class=\"wrap\">\n<p>&#8211; Couro liso<\/p>\n<p>&#8211; Forro de tecido<\/p>\n<p>&#8211; Bolso externo com z\u00edper<\/p>\n<p>&#8211; Bolso interno com z\u00edper<\/p>\n<p>&#8211; Fecho de press\u00e3o<\/p>\n<p>&#8211; Al\u00e7a remov\u00edvel com abertura de 22 cm<\/p>\n<p>&#8211; Al\u00e7a remov\u00edvel com abertura de 54 cm para uso no ombro ou na transversal<\/p>\n<p>&#8211; 25 cm (Largura) x 16 cm (Altura) x<\/p>\n<p>&#8211; 8 cm (Profundidade)<\/p>\n<\/div>\n<\/div>\n<div id=\"description\" class=\"ecn-tab-content\">\n<h2>Descri\u00e7\u00e3o<\/h2>\n<div class=\"wrap\">\n<div class=\"productDescription\">A Soft Tabby reimagina nossa abordagem estruturada de um design Coach dos anos 1970 com um toque casual e descontra\u00eddo. Finalizada com nosso hardware Signature para um toque ic\u00f4nico, esta bolsa de ombro de couro macio possui bolsos com z\u00edper dentro e fora para organizar pequenos acess\u00f3rios e duas al\u00e7as remov\u00edveis para carregar na m\u00e3o, estilizar como uma bolsa de ombro curta ou usar na transversal.<\/div>\n<\/div>\n<\/div>\n","protected":false},"excerpt":{"rendered":"<p>&#8211; Couro liso &#8211; Forro de tecido &#8211; Bolso externo com z\u00edper &#8211; Bolso interno com z\u00edper &#8211; Fecho de press\u00e3o &#8211; Al\u00e7a remov\u00edvel com abertura de 22 cm &#8211; Al\u00e7a remov\u00edvel com abertura de 54 cm para uso no ombro ou na transversal &#8211; 25 cm (Largura) x 16 cm (Altura) x &#8211; 8 &hellip; <\/p>\n","protected":false},"featured_media":31902,"comment_status":"open","ping_status":"closed","template":"","meta":[],"product_brand":[],"product_cat":[106,349,366],"product_tag":[],"class_list":{"0":"post-32570","1":"product","2":"type-product","3":"status-publish","4":"has-post-thumbnail","6":"product_cat-bolsas","7":"product_cat-coach","8":"product_cat-todos-os-produtos","9":"latest_post","11":"first","12":"outofstock","13":"taxable","14":"shipping-taxable","15":"purchasable","16":"product-type-simple"},"_links":{"self":[{"href":"https:\/\/bolsadellas.com.br\/index.php?rest_route=\/wp\/v2\/product\/32570","targetHints":{"allow":["GET"]}}],"collection":[{"href":"https:\/\/bolsadellas.com.br\/index.php?rest_route=\/wp\/v2\/product"}],"about":[{"href":"https:\/\/bolsadellas.com.br\/index.php?rest_route=\/wp\/v2\/types\/product"}],"replies":[{"embeddable":true,"href":"https:\/\/bolsadellas.com.br\/index.php?rest_route=%2Fwp%2Fv2%2Fcomments&post=32570"}],"wp:featuredmedia":[{"embeddable":true,"href":"https:\/\/bolsadellas.com.br\/index.php?rest_route=\/wp\/v2\/media\/31902"}],"wp:attachment":[{"href":"https:\/\/bolsadellas.com.br\/index.php?rest_route=%2Fwp%2Fv2%2Fmedia&parent=32570"}],"wp:term":[{"taxonomy":"product_brand","embeddable":true,"href":"https:\/\/bolsadellas.com.br\/index.php?rest_route=%2Fwp%2Fv2%2Fproduct_brand&post=32570"},{"taxonomy":"product_cat","embeddable":true,"href":"https:\/\/bolsadellas.com.br\/index.php?rest_route=%2Fwp%2Fv2%2Fproduct_cat&post=32570"},{"taxonomy":"product_tag","embeddable":true,"href":"https:\/\/bolsadellas.com.br\/index.php?rest_route=%2Fwp%2Fv2%2Fproduct_tag&post=32570"}],"curies":[{"name":"wp","href":"https:\/\/api.w.org\/{rel}","templated":true}]}}