{"id":31853,"date":"2026-04-11T17:16:28","date_gmt":"2026-04-11T20:16:28","guid":{"rendered":"https:\/\/bolsadellas.com.br\/?post_type=product&#038;p=31853"},"modified":"2026-04-30T11:35:25","modified_gmt":"2026-04-30T14:35:25","slug":"alca-coach-de-corrente-dinky-prata","status":"publish","type":"product","link":"https:\/\/bolsadellas.com.br\/?product=alca-coach-de-corrente-dinky-prata","title":{"rendered":"Al\u00e7a Coach de Corrente Dinky prata"},"content":{"rendered":"<div id=\"details\" class=\"ecn-tab-content active\">\n<div class=\"wrap\">\n<p>&#8211; Corrente<\/p>\n<p>&#8211; 121 cm<\/p>\n<p>&#8211; Converte em at\u00e9 tr\u00eas modos de usar: curta, longa no ombro ou transversal.<\/p>\n<\/div>\n<\/div>\n<div id=\"description\" class=\"ecn-tab-content\">\n<h2>Descri\u00e7\u00e3o<\/h2>\n<div class=\"wrap\">\n<div class=\"productDescription\">Atualize instantaneamente sua bolsa com esta al\u00e7a de corrente luxuosa. O design intercambi\u00e1vel possui dois clipes que permitem anex\u00e1-lo aos nossos estilos de bolsas mais tradicionais e de nossas wristlet nolitas 19 e 22.<\/div>\n<\/div>\n<\/div>\n","protected":false},"excerpt":{"rendered":"<p>&#8211; Corrente &#8211; 121 cm &#8211; Converte em at\u00e9 tr\u00eas modos de usar: curta, longa no ombro ou transversal. Descri\u00e7\u00e3o Atualize instantaneamente sua bolsa com esta al\u00e7a de corrente luxuosa. O design intercambi\u00e1vel possui dois clipes que permitem anex\u00e1-lo aos nossos estilos de bolsas mais tradicionais e de nossas wristlet nolitas 19 e 22.<\/p>\n","protected":false},"featured_media":31854,"template":"","meta":[],"product_brand":[],"product_cat":[358,106,349,366],"product_tag":[],"class_list":{"0":"post-31853","1":"product","2":"type-product","3":"status-publish","4":"has-post-thumbnail","6":"product_cat-alcas","7":"product_cat-bolsas","8":"product_cat-coach","9":"product_cat-todos-os-produtos","10":"latest_post","12":"first","13":"instock","14":"taxable","15":"shipping-taxable","16":"purchasable","17":"product-type-simple"},"_links":{"self":[{"href":"https:\/\/bolsadellas.com.br\/index.php?rest_route=\/wp\/v2\/product\/31853","targetHints":{"allow":["GET"]}}],"collection":[{"href":"https:\/\/bolsadellas.com.br\/index.php?rest_route=\/wp\/v2\/product"}],"about":[{"href":"https:\/\/bolsadellas.com.br\/index.php?rest_route=\/wp\/v2\/types\/product"}],"wp:featuredmedia":[{"embeddable":true,"href":"https:\/\/bolsadellas.com.br\/index.php?rest_route=\/wp\/v2\/media\/31854"}],"wp:attachment":[{"href":"https:\/\/bolsadellas.com.br\/index.php?rest_route=%2Fwp%2Fv2%2Fmedia&parent=31853"}],"wp:term":[{"taxonomy":"product_brand","embeddable":true,"href":"https:\/\/bolsadellas.com.br\/index.php?rest_route=%2Fwp%2Fv2%2Fproduct_brand&post=31853"},{"taxonomy":"product_cat","embeddable":true,"href":"https:\/\/bolsadellas.com.br\/index.php?rest_route=%2Fwp%2Fv2%2Fproduct_cat&post=31853"},{"taxonomy":"product_tag","embeddable":true,"href":"https:\/\/bolsadellas.com.br\/index.php?rest_route=%2Fwp%2Fv2%2Fproduct_tag&post=31853"}],"curies":[{"name":"wp","href":"https:\/\/api.w.org\/{rel}","templated":true}]}}