{"id":31289,"date":"2026-02-12T08:07:25","date_gmt":"2026-02-12T11:07:25","guid":{"rendered":"https:\/\/bolsadellas.com.br\/?post_type=product&#038;p=31289"},"modified":"2026-05-06T08:34:59","modified_gmt":"2026-05-06T11:34:59","slug":"bolsa-coach-mila-crossbody-off","status":"publish","type":"product","link":"https:\/\/bolsadellas.com.br\/?product=bolsa-coach-mila-crossbody-off","title":{"rendered":"Bolsa Coach Mila off"},"content":{"rendered":"<p>Em couro pebble polido.<\/p>\n<p>Bolso externo aberto.<\/p>\n<p>Bolso interno multifuncional<\/p>\n<p>Seis compartimentos para cart\u00f5es.<\/p>\n<p>Al\u00e7a de corrente remov\u00edvel para ombro ou transversal.<\/p>\n<p>Porta cart\u00e3o remov\u00edvel.<\/p>\n<p>20 x 12 cm.<\/p>\n<p>&nbsp;<\/p>\n","protected":false},"excerpt":{"rendered":"<p>Em couro pebble polido. Bolso externo aberto. Bolso interno multifuncional Seis compartimentos para cart\u00f5es. Al\u00e7a de corrente remov\u00edvel para ombro ou transversal. Porta cart\u00e3o remov\u00edvel. 20 x 12 cm. &nbsp;<\/p>\n","protected":false},"featured_media":32563,"template":"","meta":[],"product_brand":[],"product_cat":[106,349,366],"product_tag":[],"class_list":{"0":"post-31289","1":"product","2":"type-product","3":"status-publish","4":"has-post-thumbnail","6":"product_cat-bolsas","7":"product_cat-coach","8":"product_cat-todos-os-produtos","9":"latest_post","11":"first","12":"outofstock","13":"taxable","14":"shipping-taxable","15":"purchasable","16":"product-type-simple"},"_links":{"self":[{"href":"https:\/\/bolsadellas.com.br\/index.php?rest_route=\/wp\/v2\/product\/31289","targetHints":{"allow":["GET"]}}],"collection":[{"href":"https:\/\/bolsadellas.com.br\/index.php?rest_route=\/wp\/v2\/product"}],"about":[{"href":"https:\/\/bolsadellas.com.br\/index.php?rest_route=\/wp\/v2\/types\/product"}],"wp:featuredmedia":[{"embeddable":true,"href":"https:\/\/bolsadellas.com.br\/index.php?rest_route=\/wp\/v2\/media\/32563"}],"wp:attachment":[{"href":"https:\/\/bolsadellas.com.br\/index.php?rest_route=%2Fwp%2Fv2%2Fmedia&parent=31289"}],"wp:term":[{"taxonomy":"product_brand","embeddable":true,"href":"https:\/\/bolsadellas.com.br\/index.php?rest_route=%2Fwp%2Fv2%2Fproduct_brand&post=31289"},{"taxonomy":"product_cat","embeddable":true,"href":"https:\/\/bolsadellas.com.br\/index.php?rest_route=%2Fwp%2Fv2%2Fproduct_cat&post=31289"},{"taxonomy":"product_tag","embeddable":true,"href":"https:\/\/bolsadellas.com.br\/index.php?rest_route=%2Fwp%2Fv2%2Fproduct_tag&post=31289"}],"curies":[{"name":"wp","href":"https:\/\/api.w.org\/{rel}","templated":true}]}}