{"id":31160,"date":"2026-04-01T13:56:04","date_gmt":"2026-04-01T16:56:04","guid":{"rendered":"https:\/\/bolsadellas.com.br\/?post_type=product&#038;p=31160"},"modified":"2026-05-14T11:09:35","modified_gmt":"2026-05-14T14:09:35","slug":"tenis-carmim-austin","status":"publish","type":"product","link":"https:\/\/bolsadellas.com.br\/?product=tenis-carmim-austin","title":{"rendered":"T\u00eanis Carmim Austin azul"},"content":{"rendered":"<p>T\u00eanis Austin.<\/p>\n<p>O t\u00eanis Austin ser\u00e1 edi\u00e7\u00e3o limitada.<\/p>\n<p>\u00c9 feito em camur\u00e7a natural, solado emborrachado e palmilha ultra soft, al\u00e9m de forro em couro favo para maior conforto.<\/p>\n","protected":false},"excerpt":{"rendered":"<p>T\u00eanis Austin. O t\u00eanis Austin ser\u00e1 edi\u00e7\u00e3o limitada. \u00c9 feito em camur\u00e7a natural, solado emborrachado e palmilha ultra soft, al\u00e9m de forro em couro favo para maior conforto.<\/p>\n","protected":false},"featured_media":31159,"template":"","meta":[],"product_brand":[],"product_cat":[319,230,156,366],"product_tag":[],"class_list":{"0":"post-31160","1":"product","2":"type-product","3":"status-publish","4":"has-post-thumbnail","6":"product_cat-carmim","7":"product_cat-sale","8":"product_cat-calcados","9":"product_cat-todos-os-produtos","10":"latest_post","12":"first","13":"instock","14":"sale","15":"taxable","16":"shipping-taxable","17":"purchasable","18":"product-type-variable"},"_links":{"self":[{"href":"https:\/\/bolsadellas.com.br\/index.php?rest_route=\/wp\/v2\/product\/31160","targetHints":{"allow":["GET"]}}],"collection":[{"href":"https:\/\/bolsadellas.com.br\/index.php?rest_route=\/wp\/v2\/product"}],"about":[{"href":"https:\/\/bolsadellas.com.br\/index.php?rest_route=\/wp\/v2\/types\/product"}],"wp:featuredmedia":[{"embeddable":true,"href":"https:\/\/bolsadellas.com.br\/index.php?rest_route=\/wp\/v2\/media\/31159"}],"wp:attachment":[{"href":"https:\/\/bolsadellas.com.br\/index.php?rest_route=%2Fwp%2Fv2%2Fmedia&parent=31160"}],"wp:term":[{"taxonomy":"product_brand","embeddable":true,"href":"https:\/\/bolsadellas.com.br\/index.php?rest_route=%2Fwp%2Fv2%2Fproduct_brand&post=31160"},{"taxonomy":"product_cat","embeddable":true,"href":"https:\/\/bolsadellas.com.br\/index.php?rest_route=%2Fwp%2Fv2%2Fproduct_cat&post=31160"},{"taxonomy":"product_tag","embeddable":true,"href":"https:\/\/bolsadellas.com.br\/index.php?rest_route=%2Fwp%2Fv2%2Fproduct_tag&post=31160"}],"curies":[{"name":"wp","href":"https:\/\/api.w.org\/{rel}","templated":true}]}}