{"id":30603,"date":"2026-03-17T10:55:49","date_gmt":"2026-03-17T13:55:49","guid":{"rendered":"https:\/\/bolsadellas.com.br\/?post_type=product&#038;p=30603"},"modified":"2026-03-18T13:10:14","modified_gmt":"2026-03-18T16:10:14","slug":"bolsa-victor-hugo-ada-toy-elos-3","status":"publish","type":"product","link":"https:\/\/bolsadellas.com.br\/?product=bolsa-victor-hugo-ada-toy-elos-3","title":{"rendered":"Bolsa Victor Hugo Ada Toy elos"},"content":{"rendered":"<p>Lan\u00e7amento da temporada , um cl\u00e1ssico revisitado. Elegante e casual, a Bolsa Ada Toy Elos VH possui duas op\u00e7\u00f5es de al\u00e7as regul\u00e1veis em Couro e espa\u00e7o interno adaptado para smartphone. A eleg\u00e2ncia atemporal em nova interpreta\u00e7\u00e3o na Cole\u00e7\u00e3o ELOS VH. Inspirada na ic\u00f4nica estampa dos anos 80, a sofistica\u00e7\u00e3o do monograma VH, s\u00edmbolo de tradi\u00e7\u00e3o e estilo. Com textura de linho e acabamento de alto brilho com cristal de prote\u00e7\u00e3o . A fus\u00e3o entre o cl\u00e1ssico e o contempor\u00e2neo resulta em uma cole\u00e7\u00e3o exclusiva, perfeita para quem valoriza design e excel\u00eancia.<\/p>\n<div class=\"flex w-full flex-wrap\">\n<div class=\"mr-1 mb-2\"><strong>Modelo da Bolsa:<\/strong><\/div>\n<div class=\"\">Bolsa Ada<\/div>\n<\/div>\n<div class=\"flex w-full flex-wrap\">\n<div class=\"mr-1 mb-2\"><strong>Luz da Al\u00e7a Longa:<\/strong><\/div>\n<div class=\"\">62 cm (Medida da parte de cima da bolsa at\u00e9 o ponto mais alto da al\u00e7a)<\/div>\n<\/div>\n<div class=\"flex w-full flex-wrap\">\n<div class=\"mr-1 mb-2\"><strong>Luz da Al\u00e7a Curta:<\/strong><\/div>\n<div class=\"\">17 cm (Medida da parte de cima da bolsa at\u00e9 o ponto mais alto da al\u00e7a)<\/div>\n<\/div>\n<div class=\"flex w-full flex-wrap\">\n<div class=\"mr-1 mb-2\"><strong>Dimens\u00f5es do Produto:<\/strong><\/div>\n<div class=\"\">12 cm x 21 cm x 5 cm (Altura x Largura x Comprimento)<\/div>\n<\/div>\n","protected":false},"excerpt":{"rendered":"<p>Lan\u00e7amento da temporada , um cl\u00e1ssico revisitado. Elegante e casual, a Bolsa Ada Toy Elos VH possui duas op\u00e7\u00f5es de al\u00e7as regul\u00e1veis em Couro e espa\u00e7o interno adaptado para smartphone. A eleg\u00e2ncia atemporal em nova interpreta\u00e7\u00e3o na Cole\u00e7\u00e3o ELOS VH. Inspirada na ic\u00f4nica estampa dos anos 80, a sofistica\u00e7\u00e3o do monograma VH, s\u00edmbolo de tradi\u00e7\u00e3o &hellip; <\/p>\n","protected":false},"featured_media":30604,"template":"","meta":[],"product_brand":[],"product_cat":[106,366,316],"product_tag":[],"class_list":{"0":"post-30603","1":"product","2":"type-product","3":"status-publish","4":"has-post-thumbnail","6":"product_cat-bolsas","7":"product_cat-todos-os-produtos","8":"product_cat-v-hugo","9":"latest_post","11":"first","12":"instock","13":"taxable","14":"shipping-taxable","15":"purchasable","16":"product-type-simple"},"_links":{"self":[{"href":"https:\/\/bolsadellas.com.br\/index.php?rest_route=\/wp\/v2\/product\/30603","targetHints":{"allow":["GET"]}}],"collection":[{"href":"https:\/\/bolsadellas.com.br\/index.php?rest_route=\/wp\/v2\/product"}],"about":[{"href":"https:\/\/bolsadellas.com.br\/index.php?rest_route=\/wp\/v2\/types\/product"}],"wp:featuredmedia":[{"embeddable":true,"href":"https:\/\/bolsadellas.com.br\/index.php?rest_route=\/wp\/v2\/media\/30604"}],"wp:attachment":[{"href":"https:\/\/bolsadellas.com.br\/index.php?rest_route=%2Fwp%2Fv2%2Fmedia&parent=30603"}],"wp:term":[{"taxonomy":"product_brand","embeddable":true,"href":"https:\/\/bolsadellas.com.br\/index.php?rest_route=%2Fwp%2Fv2%2Fproduct_brand&post=30603"},{"taxonomy":"product_cat","embeddable":true,"href":"https:\/\/bolsadellas.com.br\/index.php?rest_route=%2Fwp%2Fv2%2Fproduct_cat&post=30603"},{"taxonomy":"product_tag","embeddable":true,"href":"https:\/\/bolsadellas.com.br\/index.php?rest_route=%2Fwp%2Fv2%2Fproduct_tag&post=30603"}],"curies":[{"name":"wp","href":"https:\/\/api.w.org\/{rel}","templated":true}]}}