{"id":30384,"date":"2026-02-01T09:21:27","date_gmt":"2026-02-01T12:21:27","guid":{"rendered":"https:\/\/bolsadellas.com.br\/?post_type=product&#038;p=30384"},"modified":"2026-04-04T09:26:21","modified_gmt":"2026-04-04T12:26:21","slug":"chaveiro-c-coach-dourado","status":"publish","type":"product","link":"https:\/\/bolsadellas.com.br\/?product=chaveiro-c-coach-dourado","title":{"rendered":"Chaveiro C Coach &#8211; Dourado"},"content":{"rendered":"<div id=\"details\" class=\"ecn-tab-content active\">\n<div class=\"wrap\">\n<p>&#8211; Metal<\/p>\n<p>&#8211; Chaveiro dividido e clipe dogleash anexos<\/p>\n<p>&#8211; 4,5cm (Largura) x 3cm (Altura)<\/p>\n<\/div>\n<\/div>\n<div id=\"description\" class=\"ecn-tab-content\">\n<h2>Descri\u00e7\u00e3o<\/h2>\n<div class=\"wrap\">\n<div class=\"productDescription\">Adicione um estilo de heran\u00e7a a uma bolsa favorita ou a um conjunto de chaves com o nosso chaveiro Signature. O modelo de metal polido \u00e9 finalizado com uma mini hangtag para um toque ic\u00f4nico da Coach.<\/div>\n<\/div>\n<\/div>\n","protected":false},"excerpt":{"rendered":"<p>&#8211; Metal &#8211; Chaveiro dividido e clipe dogleash anexos &#8211; 4,5cm (Largura) x 3cm (Altura) Descri\u00e7\u00e3o Adicione um estilo de heran\u00e7a a uma bolsa favorita ou a um conjunto de chaves com o nosso chaveiro Signature. O modelo de metal polido \u00e9 finalizado com uma mini hangtag para um toque ic\u00f4nico da Coach.<\/p>\n","protected":false},"featured_media":32102,"template":"","meta":[],"product_brand":[],"product_cat":[106,363,349,366],"product_tag":[],"class_list":{"0":"post-30384","1":"product","2":"type-product","3":"status-publish","4":"has-post-thumbnail","6":"product_cat-bolsas","7":"product_cat-chaveiro","8":"product_cat-coach","9":"product_cat-todos-os-produtos","10":"latest_post","12":"first","13":"outofstock","14":"taxable","15":"shipping-taxable","16":"purchasable","17":"product-type-simple"},"_links":{"self":[{"href":"https:\/\/bolsadellas.com.br\/index.php?rest_route=\/wp\/v2\/product\/30384","targetHints":{"allow":["GET"]}}],"collection":[{"href":"https:\/\/bolsadellas.com.br\/index.php?rest_route=\/wp\/v2\/product"}],"about":[{"href":"https:\/\/bolsadellas.com.br\/index.php?rest_route=\/wp\/v2\/types\/product"}],"wp:featuredmedia":[{"embeddable":true,"href":"https:\/\/bolsadellas.com.br\/index.php?rest_route=\/wp\/v2\/media\/32102"}],"wp:attachment":[{"href":"https:\/\/bolsadellas.com.br\/index.php?rest_route=%2Fwp%2Fv2%2Fmedia&parent=30384"}],"wp:term":[{"taxonomy":"product_brand","embeddable":true,"href":"https:\/\/bolsadellas.com.br\/index.php?rest_route=%2Fwp%2Fv2%2Fproduct_brand&post=30384"},{"taxonomy":"product_cat","embeddable":true,"href":"https:\/\/bolsadellas.com.br\/index.php?rest_route=%2Fwp%2Fv2%2Fproduct_cat&post=30384"},{"taxonomy":"product_tag","embeddable":true,"href":"https:\/\/bolsadellas.com.br\/index.php?rest_route=%2Fwp%2Fv2%2Fproduct_tag&post=30384"}],"curies":[{"name":"wp","href":"https:\/\/api.w.org\/{rel}","templated":true}]}}