{"id":30369,"date":"2026-02-05T10:47:46","date_gmt":"2026-02-05T13:47:46","guid":{"rendered":"https:\/\/bolsadellas.com.br\/?post_type=product&#038;p=30369"},"modified":"2026-04-17T12:25:23","modified_gmt":"2026-04-17T15:25:23","slug":"bolsa-coach-tabby-shoulder-20-mapple","status":"publish","type":"product","link":"https:\/\/bolsadellas.com.br\/?product=bolsa-coach-tabby-shoulder-20-mapple","title":{"rendered":"Bolsa Coach Tabby Shoulder 20 mapple"},"content":{"rendered":"<div id=\"details\" class=\"ecn-tab-content active\">\n<div class=\"wrap\">\n<p>&#8211; Couro Pebble polido e couro refinado de bezerro<\/p>\n<p>&#8211; Bolsos internos multifuncionais e com z\u00edper<\/p>\n<p>&#8211; Fecho de press\u00e3o, forro em tecido<\/p>\n<p>&#8211; Al\u00e7a remov\u00edvel com abertura de 13,5 cm<\/p>\n<p>&#8211; Bolso externo aberto<\/p>\n<p>&#8211; Al\u00e7a remov\u00edvel com abertura de 54,5 cm para uso no ombro ou na transversal<\/p>\n<p>&#8211; 20 cm (Largura) x 10,5 cm (Altura) x 7 cm (Profundidade)<\/p>\n<\/div>\n<\/div>\n<div id=\"description\" class=\"ecn-tab-content\">\n<h2>Descri\u00e7\u00e3o<\/h2>\n<div class=\"wrap\">\n<div class=\"productDescription\">Uma vis\u00e3o moderna de um design Coach dos anos 1970, nossa bolsa de ombro estruturada Tabby \u00e9 feita de couro Pebble polido. Menor que a 26, a pequena 20 tem duas al\u00e7as remov\u00edveis para carregar na m\u00e3o, estilo bolsa de ombro curta ou transversal. \u00c9 finalizado com nosso hardware Signature para um toque ic\u00f4nico.<\/div>\n<\/div>\n<\/div>\n","protected":false},"excerpt":{"rendered":"<p>&#8211; Couro Pebble polido e couro refinado de bezerro &#8211; Bolsos internos multifuncionais e com z\u00edper &#8211; Fecho de press\u00e3o, forro em tecido &#8211; Al\u00e7a remov\u00edvel com abertura de 13,5 cm &#8211; Bolso externo aberto &#8211; Al\u00e7a remov\u00edvel com abertura de 54,5 cm para uso no ombro ou na transversal &#8211; 20 cm (Largura) x &hellip; <\/p>\n","protected":false},"featured_media":34116,"template":"","meta":[],"product_brand":[],"product_cat":[106,349,369,366],"product_tag":[],"class_list":{"0":"post-30369","1":"product","2":"type-product","3":"status-publish","4":"has-post-thumbnail","6":"product_cat-bolsas","7":"product_cat-coach","8":"product_cat-exclusivo-grupo","9":"product_cat-todos-os-produtos","10":"latest_post","12":"first","13":"outofstock","14":"taxable","15":"shipping-taxable","16":"purchasable","17":"product-type-simple"},"_links":{"self":[{"href":"https:\/\/bolsadellas.com.br\/index.php?rest_route=\/wp\/v2\/product\/30369","targetHints":{"allow":["GET"]}}],"collection":[{"href":"https:\/\/bolsadellas.com.br\/index.php?rest_route=\/wp\/v2\/product"}],"about":[{"href":"https:\/\/bolsadellas.com.br\/index.php?rest_route=\/wp\/v2\/types\/product"}],"wp:featuredmedia":[{"embeddable":true,"href":"https:\/\/bolsadellas.com.br\/index.php?rest_route=\/wp\/v2\/media\/34116"}],"wp:attachment":[{"href":"https:\/\/bolsadellas.com.br\/index.php?rest_route=%2Fwp%2Fv2%2Fmedia&parent=30369"}],"wp:term":[{"taxonomy":"product_brand","embeddable":true,"href":"https:\/\/bolsadellas.com.br\/index.php?rest_route=%2Fwp%2Fv2%2Fproduct_brand&post=30369"},{"taxonomy":"product_cat","embeddable":true,"href":"https:\/\/bolsadellas.com.br\/index.php?rest_route=%2Fwp%2Fv2%2Fproduct_cat&post=30369"},{"taxonomy":"product_tag","embeddable":true,"href":"https:\/\/bolsadellas.com.br\/index.php?rest_route=%2Fwp%2Fv2%2Fproduct_tag&post=30369"}],"curies":[{"name":"wp","href":"https:\/\/api.w.org\/{rel}","templated":true}]}}