{"id":30275,"date":"2026-02-22T15:54:55","date_gmt":"2026-02-22T18:54:55","guid":{"rendered":"https:\/\/bolsadellas.com.br\/?post_type=product&#038;p=30275"},"modified":"2026-03-23T09:42:47","modified_gmt":"2026-03-23T12:42:47","slug":"relogio-michael-kors-mk7403","status":"publish","type":"product","link":"https:\/\/bolsadellas.com.br\/?product=relogio-michael-kors-mk7403","title":{"rendered":"Rel\u00f3gio Michael Kors MK7403"},"content":{"rendered":"<p>Tecnologia: Quartzo<br \/>\nFormato da caixa: Redondo<br \/>\nDi\u00e2metro da caixa: 40 mm<br \/>\nCaracter\u00edstica do vidro: Mineral<br \/>\nResist\u00eancia \u00e0 \u00e1gua: 10 ATM<\/p>\n<p>Com mostrador branco, destaque com mostrador de madrep\u00e9rola e cristais decorados com<br \/>\ncinto de metal de a\u00e7o inoxid\u00e1vel com cor prata.<\/p>\n<p>2 anos de garantia.<\/p>\n","protected":false},"excerpt":{"rendered":"<p>Tecnologia: Quartzo Formato da caixa: Redondo Di\u00e2metro da caixa: 40 mm Caracter\u00edstica do vidro: Mineral Resist\u00eancia \u00e0 \u00e1gua: 10 ATM Com mostrador branco, destaque com mostrador de madrep\u00e9rola e cristais decorados com cinto de metal de a\u00e7o inoxid\u00e1vel com cor prata. 2 anos de garantia.<\/p>\n","protected":false},"featured_media":30276,"comment_status":"open","ping_status":"closed","template":"","meta":[],"product_brand":[],"product_cat":[247,107,366],"product_tag":[],"class_list":{"0":"post-30275","1":"product","2":"type-product","3":"status-publish","4":"has-post-thumbnail","6":"product_cat-michael-kors","7":"product_cat-relogios","8":"product_cat-todos-os-produtos","9":"latest_post","11":"first","12":"instock","13":"taxable","14":"shipping-taxable","15":"purchasable","16":"product-type-simple"},"_links":{"self":[{"href":"https:\/\/bolsadellas.com.br\/index.php?rest_route=\/wp\/v2\/product\/30275","targetHints":{"allow":["GET"]}}],"collection":[{"href":"https:\/\/bolsadellas.com.br\/index.php?rest_route=\/wp\/v2\/product"}],"about":[{"href":"https:\/\/bolsadellas.com.br\/index.php?rest_route=\/wp\/v2\/types\/product"}],"replies":[{"embeddable":true,"href":"https:\/\/bolsadellas.com.br\/index.php?rest_route=%2Fwp%2Fv2%2Fcomments&post=30275"}],"wp:featuredmedia":[{"embeddable":true,"href":"https:\/\/bolsadellas.com.br\/index.php?rest_route=\/wp\/v2\/media\/30276"}],"wp:attachment":[{"href":"https:\/\/bolsadellas.com.br\/index.php?rest_route=%2Fwp%2Fv2%2Fmedia&parent=30275"}],"wp:term":[{"taxonomy":"product_brand","embeddable":true,"href":"https:\/\/bolsadellas.com.br\/index.php?rest_route=%2Fwp%2Fv2%2Fproduct_brand&post=30275"},{"taxonomy":"product_cat","embeddable":true,"href":"https:\/\/bolsadellas.com.br\/index.php?rest_route=%2Fwp%2Fv2%2Fproduct_cat&post=30275"},{"taxonomy":"product_tag","embeddable":true,"href":"https:\/\/bolsadellas.com.br\/index.php?rest_route=%2Fwp%2Fv2%2Fproduct_tag&post=30275"}],"curies":[{"name":"wp","href":"https:\/\/api.w.org\/{rel}","templated":true}]}}