{"id":29908,"date":"2026-04-02T18:39:32","date_gmt":"2026-04-02T21:39:32","guid":{"rendered":"https:\/\/bolsadellas.com.br\/?post_type=product&#038;p=29908"},"modified":"2026-04-13T10:17:27","modified_gmt":"2026-04-13T13:17:27","slug":"bolsa-victor-hugo-baby-fleur-am-elos-2","status":"publish","type":"product","link":"https:\/\/bolsadellas.com.br\/?product=bolsa-victor-hugo-baby-fleur-am-elos-2","title":{"rendered":"Bolsa Victor Hugo Baby Fleur AM Elos"},"content":{"rendered":"<div class=\"text-sm mb-10\">\n<div class=\"text-sm\">Bolsa Baby Fleur AM, agora na vers\u00e3o menor com al\u00e7a de m\u00e3o e al\u00e7a longa, \u00e9 a combina\u00e7\u00e3o de modernidade, praticidade e leveza ideal para o dia a noite. Al\u00e7a de M\u00e3o em Couro e al\u00e7a longa com possibilidade de ajuste, compartimentos internos para facilitar na organiza\u00e7\u00e3o. Tamb\u00e9m permite a possibilidade de usar a al\u00e7a longa para uso no ombro ou transversal. A Cole\u00e7\u00e3o ELOS VH \u00e9 uma releitura da Cl\u00e1ssica estampa da marca nos anos 80. Artes\u00e3os realizam com maestria o trabalho da prensa no Couro de alt\u00edssima qualidade. Real\u00e7ando o DNA e heran\u00e7a da VICTOR HUGO.<\/div>\n<\/div>\n<h2 class=\"text-sm mb-4 font-normal border-b w-min border-primary-800 pb-1\">Detalhes<\/h2>\n<div class=\"text-sm\">\n<div class=\"flex w-full flex-wrap\">\n<div class=\"mr-1 mb-2\"><strong>Tipo de Produto:<\/strong><\/div>\n<div class=\"\">Bolsa<\/div>\n<\/div>\n<div class=\"flex w-full flex-wrap\">\n<div class=\"mr-1 mb-2\"><strong>Estilo da Bolsa:<\/strong><\/div>\n<div class=\"\">Crossbody, Bolsa de M\u00e3o<\/div>\n<\/div>\n<div class=\"flex w-full flex-wrap\">\n<div class=\"mr-1 mb-2\"><strong>Tipo de Al\u00e7a:<\/strong><\/div>\n<div class=\"\">Al\u00e7a de M\u00e3o, Al\u00e7a Longa<\/div>\n<\/div>\n<div class=\"flex w-full flex-wrap\">\n<div class=\"mr-1 mb-2\"><strong>Tamanho da Bolsa:<\/strong><\/div>\n<div class=\"\">Medium<\/div>\n<\/div>\n<div class=\"flex w-full flex-wrap\">\n<div class=\"mr-1 mb-2\"><strong>Cuidados Especiais:<\/strong><\/div>\n<div class=\"\">N\u00e3o<\/div>\n<\/div>\n<div class=\"flex w-full flex-wrap\">\n<div class=\"mr-1 mb-2\"><strong>Modelo da Bolsa:<\/strong><\/div>\n<div class=\"\">Bolsa Fleur<\/div>\n<\/div>\n<div class=\"flex w-full flex-wrap\">\n<div class=\"mr-1 mb-2\"><strong>Luz da Al\u00e7a Longa:<\/strong><\/div>\n<div class=\"\">51 cm (Medida da parte de cima da bolsa at\u00e9 o ponto mais alto da al\u00e7a)<\/div>\n<\/div>\n<div class=\"flex w-full flex-wrap\">\n<div class=\"mr-1 mb-2\"><strong>Luz da Al\u00e7a Curta:<\/strong><\/div>\n<div class=\"\">4 cm (Medida da parte de cima da bolsa at\u00e9 o ponto mais alto da al\u00e7a)<\/div>\n<\/div>\n<div class=\"flex w-full flex-wrap\">\n<div class=\"mr-1 mb-2\"><strong>Dimens\u00f5es do Produto:<\/strong><\/div>\n<div class=\"\">15 cm x 24 cm x 10 cm (Altura x Largura x Comprimento)<\/div>\n<\/div>\n<\/div>\n","protected":false},"excerpt":{"rendered":"<p>Bolsa Baby Fleur AM, agora na vers\u00e3o menor com al\u00e7a de m\u00e3o e al\u00e7a longa, \u00e9 a combina\u00e7\u00e3o de modernidade, praticidade e leveza ideal para o dia a noite. Al\u00e7a de M\u00e3o em Couro e al\u00e7a longa com possibilidade de ajuste, compartimentos internos para facilitar na organiza\u00e7\u00e3o. Tamb\u00e9m permite a possibilidade de usar a al\u00e7a &hellip; <\/p>\n","protected":false},"featured_media":29909,"template":"","meta":[],"product_brand":[],"product_cat":[106,366,316],"product_tag":[],"class_list":{"0":"post-29908","1":"product","2":"type-product","3":"status-publish","4":"has-post-thumbnail","6":"product_cat-bolsas","7":"product_cat-todos-os-produtos","8":"product_cat-v-hugo","9":"latest_post","11":"first","12":"instock","13":"taxable","14":"shipping-taxable","15":"purchasable","16":"product-type-simple"},"_links":{"self":[{"href":"https:\/\/bolsadellas.com.br\/index.php?rest_route=\/wp\/v2\/product\/29908","targetHints":{"allow":["GET"]}}],"collection":[{"href":"https:\/\/bolsadellas.com.br\/index.php?rest_route=\/wp\/v2\/product"}],"about":[{"href":"https:\/\/bolsadellas.com.br\/index.php?rest_route=\/wp\/v2\/types\/product"}],"wp:featuredmedia":[{"embeddable":true,"href":"https:\/\/bolsadellas.com.br\/index.php?rest_route=\/wp\/v2\/media\/29909"}],"wp:attachment":[{"href":"https:\/\/bolsadellas.com.br\/index.php?rest_route=%2Fwp%2Fv2%2Fmedia&parent=29908"}],"wp:term":[{"taxonomy":"product_brand","embeddable":true,"href":"https:\/\/bolsadellas.com.br\/index.php?rest_route=%2Fwp%2Fv2%2Fproduct_brand&post=29908"},{"taxonomy":"product_cat","embeddable":true,"href":"https:\/\/bolsadellas.com.br\/index.php?rest_route=%2Fwp%2Fv2%2Fproduct_cat&post=29908"},{"taxonomy":"product_tag","embeddable":true,"href":"https:\/\/bolsadellas.com.br\/index.php?rest_route=%2Fwp%2Fv2%2Fproduct_tag&post=29908"}],"curies":[{"name":"wp","href":"https:\/\/api.w.org\/{rel}","templated":true}]}}

<div class="text-sm mb-10">
<div class="text-sm">Bolsa Baby Fleur AM, agora na versão menor com alça de mão e alça longa, é a combinação de modernidade, praticidade e leveza ideal para o dia a noite. Alça de Mão em Couro e alça longa com possibilidade de ajuste, compartimentos internos para facilitar na organização. Também permite a possibilidade de usar a alça longa para uso no ombro ou transversal. A Coleção ELOS VH é uma releitura da Clássica estampa da marca nos anos 80. Artesãos realizam com maestria o trabalho da prensa no Couro de altíssima qualidade. Realçando o DNA e herança da VICTOR HUGO.</div>
</div>
<h2 class="text-sm mb-4 font-normal border-b w-min border-primary-800 pb-1">Detalhes</h2>
<div class="text-sm">
<div class="flex w-full flex-wrap">
<div class="mr-1 mb-2"><strong>Tipo de Produto:</strong></div>
<div class="">Bolsa</div>
</div>
<div class="flex w-full flex-wrap">
<div class="mr-1 mb-2"><strong>Estilo da Bolsa:</strong></div>
<div class="">Crossbody, Bolsa de Mão</div>
</div>
<div class="flex w-full flex-wrap">
<div class="mr-1 mb-2"><strong>Tipo de Alça:</strong></div>
<div class="">Alça de Mão, Alça Longa</div>
</div>
<div class="flex w-full flex-wrap">
<div class="mr-1 mb-2"><strong>Tamanho da Bolsa:</strong></div>
<div class="">Medium</div>
</div>
<div class="flex w-full flex-wrap">
<div class="mr-1 mb-2"><strong>Cuidados Especiais:</strong></div>
<div class="">Não</div>
</div>
<div class="flex w-full flex-wrap">
<div class="mr-1 mb-2"><strong>Modelo da Bolsa:</strong></div>
<div class="">Bolsa Fleur</div>
</div>
<div class="flex w-full flex-wrap">
<div class="mr-1 mb-2"><strong>Luz da Alça Longa:</strong></div>
<div class="">51 cm (Medida da parte de cima da bolsa até o ponto mais alto da alça)</div>
</div>
<div class="flex w-full flex-wrap">
<div class="mr-1 mb-2"><strong>Luz da Alça Curta:</strong></div>
<div class="">4 cm (Medida da parte de cima da bolsa até o ponto mais alto da alça)</div>
</div>
<div class="flex w-full flex-wrap">
<div class="mr-1 mb-2"><strong>Dimensões do Produto:</strong></div>
<div class="">15 cm x 24 cm x 10 cm (Altura x Largura x Comprimento)</div>
</div>
</div>

<p>Bolsa Baby Fleur AM, agora na versão menor com alça de mão e alça longa, é a combinação de modernidade, praticidade e leveza ideal para o dia a noite. Alça de Mão em Couro e alça longa com possibilidade de ajuste, compartimentos internos para facilitar na organização. Também permite a possibilidade de usar a alça &hellip; </p>
