{"id":28589,"date":"2026-04-01T11:34:36","date_gmt":"2026-04-01T14:34:36","guid":{"rendered":"https:\/\/bolsadellas.com.br\/?post_type=product&#038;p=28589"},"modified":"2026-04-05T12:16:44","modified_gmt":"2026-04-05T15:16:44","slug":"bolsa-ace-tote-35-signature","status":"publish","type":"product","link":"https:\/\/bolsadellas.com.br\/?product=bolsa-ace-tote-35-signature","title":{"rendered":"Bolsa Coach Ace Tote 35 Signature"},"content":{"rendered":"<div id=\"details\" class=\"ecn-tab-content active\">\n<div class=\"wrap\">\n<p>&#8211; Canvas e couro<\/p>\n<p>&#8211; Bolso interno com z\u00edper<\/p>\n<p>&#8211; Fecho magn\u00e9tico, forro em tecido<\/p>\n<p>&#8211; Al\u00e7as com abertura de 9,5cm<\/p>\n<p>&#8211; Al\u00e7a remov\u00edvel com abertura de 59,5 cm para uso no ombro ou na transversal<\/p>\n<p>&#8211; Quatro p\u00e9s protetores na base<\/p>\n<p>&#8211; 34 cm cm (Largura) x 26,5 cm (Altura) x 16,5 cm (Profundidade).<\/p>\n<\/div>\n<\/div>\n<div id=\"description\" class=\"ecn-tab-content\">\n<h2>Descri\u00e7\u00e3o<\/h2>\n<div class=\"wrap\">\n<div class=\"productDescription\">Eleve seu jogo com nossa Ace Tote, uma bolsa estruturada feita para guardar tudo que voc\u00ea precisa na sua vida agitada. Bordado com nosso ic\u00f4nico Cavalo e Carruagem, a espa\u00e7osa 35 \u00e9 feita de lona dur\u00e1vel e couro refinado. Apresentando um bolso interno com z\u00edper para guardar pequenos itens essenciais, espa\u00e7o para um telefone, tablet e um laptop, \u00e9 finalizada com uma al\u00e7a remov\u00edvel para uso no ombro ou na transversal.<\/div>\n<\/div>\n<\/div>\n","protected":false},"excerpt":{"rendered":"<p>&#8211; Canvas e couro &#8211; Bolso interno com z\u00edper &#8211; Fecho magn\u00e9tico, forro em tecido &#8211; Al\u00e7as com abertura de 9,5cm &#8211; Al\u00e7a remov\u00edvel com abertura de 59,5 cm para uso no ombro ou na transversal &#8211; Quatro p\u00e9s protetores na base &#8211; 34 cm cm (Largura) x 26,5 cm (Altura) x 16,5 cm (Profundidade). &hellip; <\/p>\n","protected":false},"featured_media":28590,"template":"","meta":[],"product_brand":[],"product_cat":[106,349,366],"product_tag":[],"class_list":{"0":"post-28589","1":"product","2":"type-product","3":"status-publish","4":"has-post-thumbnail","6":"product_cat-bolsas","7":"product_cat-coach","8":"product_cat-todos-os-produtos","9":"latest_post","11":"first","12":"instock","13":"taxable","14":"shipping-taxable","15":"purchasable","16":"product-type-simple"},"_links":{"self":[{"href":"https:\/\/bolsadellas.com.br\/index.php?rest_route=\/wp\/v2\/product\/28589","targetHints":{"allow":["GET"]}}],"collection":[{"href":"https:\/\/bolsadellas.com.br\/index.php?rest_route=\/wp\/v2\/product"}],"about":[{"href":"https:\/\/bolsadellas.com.br\/index.php?rest_route=\/wp\/v2\/types\/product"}],"wp:featuredmedia":[{"embeddable":true,"href":"https:\/\/bolsadellas.com.br\/index.php?rest_route=\/wp\/v2\/media\/28590"}],"wp:attachment":[{"href":"https:\/\/bolsadellas.com.br\/index.php?rest_route=%2Fwp%2Fv2%2Fmedia&parent=28589"}],"wp:term":[{"taxonomy":"product_brand","embeddable":true,"href":"https:\/\/bolsadellas.com.br\/index.php?rest_route=%2Fwp%2Fv2%2Fproduct_brand&post=28589"},{"taxonomy":"product_cat","embeddable":true,"href":"https:\/\/bolsadellas.com.br\/index.php?rest_route=%2Fwp%2Fv2%2Fproduct_cat&post=28589"},{"taxonomy":"product_tag","embeddable":true,"href":"https:\/\/bolsadellas.com.br\/index.php?rest_route=%2Fwp%2Fv2%2Fproduct_tag&post=28589"}],"curies":[{"name":"wp","href":"https:\/\/api.w.org\/{rel}","templated":true}]}}