{"id":27536,"date":"2026-04-01T11:13:49","date_gmt":"2026-04-01T14:13:49","guid":{"rendered":"https:\/\/bolsadellas.com.br\/?post_type=product&#038;p=27536"},"modified":"2026-04-16T11:20:51","modified_gmt":"2026-04-16T14:20:51","slug":"carteira-kipling-money-love","status":"publish","type":"product","link":"https:\/\/bolsadellas.com.br\/?product=carteira-kipling-money-love","title":{"rendered":"CARTEIRA KIPLING money love"},"content":{"rendered":"<p>A Money Love te d\u00e1 uma paz extra quando falamos de seguran\u00e7a. Sua prote\u00e7\u00e3o RFID te protege de qualquer um que queira copiar os dados ou usar seu cart\u00e3o contactless. Al\u00e9m disso, tem 6 compartimentos funcionais para seus cart\u00f5es e seu dinheiro, para fazer a Money Love a carteira ideal para te proteger e guardar.<\/p>\n<p>Medidas: 12 x 10 cm.<\/p>\n","protected":false},"excerpt":{"rendered":"<p>A Money Love te d\u00e1 uma paz extra quando falamos de seguran\u00e7a. Sua prote\u00e7\u00e3o RFID te protege de qualquer um que queira copiar os dados ou usar seu cart\u00e3o contactless. Al\u00e9m disso, tem 6 compartimentos funcionais para seus cart\u00f5es e seu dinheiro, para fazer a Money Love a carteira ideal para te proteger e guardar. &hellip; <\/p>\n","protected":false},"featured_media":27537,"template":"","meta":[],"product_brand":[],"product_cat":[106,109,328,366],"product_tag":[],"class_list":{"0":"post-27536","1":"product","2":"type-product","3":"status-publish","4":"has-post-thumbnail","6":"product_cat-bolsas","7":"product_cat-carteiras","8":"product_cat-kipling","9":"product_cat-todos-os-produtos","10":"latest_post","12":"first","13":"instock","14":"taxable","15":"shipping-taxable","16":"purchasable","17":"product-type-simple"},"_links":{"self":[{"href":"https:\/\/bolsadellas.com.br\/index.php?rest_route=\/wp\/v2\/product\/27536","targetHints":{"allow":["GET"]}}],"collection":[{"href":"https:\/\/bolsadellas.com.br\/index.php?rest_route=\/wp\/v2\/product"}],"about":[{"href":"https:\/\/bolsadellas.com.br\/index.php?rest_route=\/wp\/v2\/types\/product"}],"wp:featuredmedia":[{"embeddable":true,"href":"https:\/\/bolsadellas.com.br\/index.php?rest_route=\/wp\/v2\/media\/27537"}],"wp:attachment":[{"href":"https:\/\/bolsadellas.com.br\/index.php?rest_route=%2Fwp%2Fv2%2Fmedia&parent=27536"}],"wp:term":[{"taxonomy":"product_brand","embeddable":true,"href":"https:\/\/bolsadellas.com.br\/index.php?rest_route=%2Fwp%2Fv2%2Fproduct_brand&post=27536"},{"taxonomy":"product_cat","embeddable":true,"href":"https:\/\/bolsadellas.com.br\/index.php?rest_route=%2Fwp%2Fv2%2Fproduct_cat&post=27536"},{"taxonomy":"product_tag","embeddable":true,"href":"https:\/\/bolsadellas.com.br\/index.php?rest_route=%2Fwp%2Fv2%2Fproduct_tag&post=27536"}],"curies":[{"name":"wp","href":"https:\/\/api.w.org\/{rel}","templated":true}]}}