{"id":27407,"date":"2026-02-22T16:04:12","date_gmt":"2026-02-22T19:04:12","guid":{"rendered":"https:\/\/bolsadellas.com.br\/?post_type=product&#038;p=27407"},"modified":"2026-03-16T15:07:24","modified_gmt":"2026-03-16T18:07:24","slug":"bolsa-kipling-colissa-s-preto","status":"publish","type":"product","link":"https:\/\/bolsadellas.com.br\/?product=bolsa-kipling-colissa-s-preto","title":{"rendered":"BOLSA KIPLING COLISSA S PRETO"},"content":{"rendered":"<p>A Bolsa do tamanho certo para o seu dia-a-dia. Colissa S \u00e9 espa\u00e7osa o suficiente para levar sua carteira, chaves, telefone, um pequeno guarda-chuva e bolsas menores. \u00c9 super leve e a textura suave e sedosa, ferragens met\u00e1licas e detalhes de costura contrastantes d\u00e3o a este tote um visual elevado.<\/p>\n<p>Medidas: 40 x 30 cm.<\/p>\n","protected":false},"excerpt":{"rendered":"<p>A Bolsa do tamanho certo para o seu dia-a-dia. Colissa S \u00e9 espa\u00e7osa o suficiente para levar sua carteira, chaves, telefone, um pequeno guarda-chuva e bolsas menores. \u00c9 super leve e a textura suave e sedosa, ferragens met\u00e1licas e detalhes de costura contrastantes d\u00e3o a este tote um visual elevado. Medidas: 40 x 30 cm.<\/p>\n","protected":false},"featured_media":27408,"template":"","meta":[],"product_brand":[],"product_cat":[106,328,366],"product_tag":[],"class_list":{"0":"post-27407","1":"product","2":"type-product","3":"status-publish","4":"has-post-thumbnail","6":"product_cat-bolsas","7":"product_cat-kipling","8":"product_cat-todos-os-produtos","9":"latest_post","11":"first","12":"instock","13":"taxable","14":"shipping-taxable","15":"purchasable","16":"product-type-simple"},"_links":{"self":[{"href":"https:\/\/bolsadellas.com.br\/index.php?rest_route=\/wp\/v2\/product\/27407","targetHints":{"allow":["GET"]}}],"collection":[{"href":"https:\/\/bolsadellas.com.br\/index.php?rest_route=\/wp\/v2\/product"}],"about":[{"href":"https:\/\/bolsadellas.com.br\/index.php?rest_route=\/wp\/v2\/types\/product"}],"wp:featuredmedia":[{"embeddable":true,"href":"https:\/\/bolsadellas.com.br\/index.php?rest_route=\/wp\/v2\/media\/27408"}],"wp:attachment":[{"href":"https:\/\/bolsadellas.com.br\/index.php?rest_route=%2Fwp%2Fv2%2Fmedia&parent=27407"}],"wp:term":[{"taxonomy":"product_brand","embeddable":true,"href":"https:\/\/bolsadellas.com.br\/index.php?rest_route=%2Fwp%2Fv2%2Fproduct_brand&post=27407"},{"taxonomy":"product_cat","embeddable":true,"href":"https:\/\/bolsadellas.com.br\/index.php?rest_route=%2Fwp%2Fv2%2Fproduct_cat&post=27407"},{"taxonomy":"product_tag","embeddable":true,"href":"https:\/\/bolsadellas.com.br\/index.php?rest_route=%2Fwp%2Fv2%2Fproduct_tag&post=27407"}],"curies":[{"name":"wp","href":"https:\/\/api.w.org\/{rel}","templated":true}]}}