{"id":26561,"date":"2026-04-17T16:00:05","date_gmt":"2026-04-17T19:00:05","guid":{"rendered":"https:\/\/bolsadellas.com.br\/?post_type=product&#038;p=26561"},"modified":"2026-04-17T18:55:51","modified_gmt":"2026-04-17T21:55:51","slug":"bolsa-coach-tabby-26-dark-stone","status":"publish","type":"product","link":"https:\/\/bolsadellas.com.br\/?product=bolsa-coach-tabby-26-dark-stone","title":{"rendered":"Bolsa Coach Tabby 26 dark stone"},"content":{"rendered":"<div id=\"details\" class=\"ecn-tab-content active\">\n<div class=\"wrap\">\n<pre><\/pre>\n<p>\u2013 Couro Pebble polido<\/p>\n<p>\u2013 Bolsos internos multifuncionais e com z\u00edper<\/p>\n<p>\u2013 Fecho de press\u00e3o, forro de couro<\/p>\n<p>\u2013 Al\u00e7a curta remov\u00edvel com abertura de 18 cm<\/p>\n<p>\u2013 Al\u00e7a longa remov\u00edvel com abertura de 53 cm para usar no ombro ou na transversal<\/p>\n<p>\u2013 26 cm (Largura) x 15 cm (Altura) x 8 cm (Profundidade)<\/p>\n<\/div>\n<\/div>\n<div id=\"description\" class=\"ecn-tab-content\">\n<h2>DESCRI\u00c7\u00c3O<\/h2>\n<div class=\"wrap\">\n<div class=\"productDescription\">Uma vis\u00e3o moderna de um design Coach dos anos 1970, nossa bolsa de ombro estruturada Tabby \u00e9 feita de couro Pebble polido. Com acabamento de couro em nosso hardware Signature para um toque ic\u00f4nico, a compacta 26 apresenta duas al\u00e7as remov\u00edveis para carregar \u00e0 m\u00e3o, como uma bolsa de ombro ou na transversal.<\/div>\n<\/div>\n<\/div>\n","protected":false},"excerpt":{"rendered":"<p>\u2013 Couro Pebble polido \u2013 Bolsos internos multifuncionais e com z\u00edper \u2013 Fecho de press\u00e3o, forro de couro \u2013 Al\u00e7a curta remov\u00edvel com abertura de 18 cm \u2013 Al\u00e7a longa remov\u00edvel com abertura de 53 cm para usar no ombro ou na transversal \u2013 26 cm (Largura) x 15 cm (Altura) x 8 cm (Profundidade) &hellip; <\/p>\n","protected":false},"featured_media":33394,"template":"","meta":[],"product_brand":[],"product_cat":[106,349,366],"product_tag":[],"class_list":{"0":"post-26561","1":"product","2":"type-product","3":"status-publish","4":"has-post-thumbnail","6":"product_cat-bolsas","7":"product_cat-coach","8":"product_cat-todos-os-produtos","9":"latest_post","11":"first","12":"instock","13":"taxable","14":"shipping-taxable","15":"purchasable","16":"product-type-simple"},"_links":{"self":[{"href":"https:\/\/bolsadellas.com.br\/index.php?rest_route=\/wp\/v2\/product\/26561","targetHints":{"allow":["GET"]}}],"collection":[{"href":"https:\/\/bolsadellas.com.br\/index.php?rest_route=\/wp\/v2\/product"}],"about":[{"href":"https:\/\/bolsadellas.com.br\/index.php?rest_route=\/wp\/v2\/types\/product"}],"wp:featuredmedia":[{"embeddable":true,"href":"https:\/\/bolsadellas.com.br\/index.php?rest_route=\/wp\/v2\/media\/33394"}],"wp:attachment":[{"href":"https:\/\/bolsadellas.com.br\/index.php?rest_route=%2Fwp%2Fv2%2Fmedia&parent=26561"}],"wp:term":[{"taxonomy":"product_brand","embeddable":true,"href":"https:\/\/bolsadellas.com.br\/index.php?rest_route=%2Fwp%2Fv2%2Fproduct_brand&post=26561"},{"taxonomy":"product_cat","embeddable":true,"href":"https:\/\/bolsadellas.com.br\/index.php?rest_route=%2Fwp%2Fv2%2Fproduct_cat&post=26561"},{"taxonomy":"product_tag","embeddable":true,"href":"https:\/\/bolsadellas.com.br\/index.php?rest_route=%2Fwp%2Fv2%2Fproduct_tag&post=26561"}],"curies":[{"name":"wp","href":"https:\/\/api.w.org\/{rel}","templated":true}]}}