{"id":25927,"date":"2026-02-20T15:08:44","date_gmt":"2026-02-20T18:08:44","guid":{"rendered":"https:\/\/bolsadellas.com.br\/?post_type=product&#038;p=25927"},"modified":"2026-03-16T15:08:02","modified_gmt":"2026-03-16T18:08:02","slug":"bolsa-kipling-art-mini-preto","status":"publish","type":"product","link":"https:\/\/bolsadellas.com.br\/?product=bolsa-kipling-art-mini-preto","title":{"rendered":"BOLSA KIPLING ART PRETO"},"content":{"rendered":"<p>Sua nova pr\u00e1tica e compacta Art Mini chegou! Com op\u00e7\u00e3o de al\u00e7a transversal regul\u00e1vel, escolha como ela melhor se adequa ao seu estilo. Garanta a sua para te acompanhar em diversos momentos. Compacta e elegante, a Art Mini \u00e9 a bolsa dos seus sonhos. Aposte nela e vista-se com estilo em diferentes ocasi\u00f5es.<\/p>\n<p>Medidas: 39 x 20 cm.<\/p>\n","protected":false},"excerpt":{"rendered":"<p>Sua nova pr\u00e1tica e compacta Art Mini chegou! Com op\u00e7\u00e3o de al\u00e7a transversal regul\u00e1vel, escolha como ela melhor se adequa ao seu estilo. Garanta a sua para te acompanhar em diversos momentos. Compacta e elegante, a Art Mini \u00e9 a bolsa dos seus sonhos. Aposte nela e vista-se com estilo em diferentes ocasi\u00f5es. Medidas: 39 &hellip; <\/p>\n","protected":false},"featured_media":25928,"template":"","meta":[],"product_brand":[],"product_cat":[106,328,366],"product_tag":[],"class_list":{"0":"post-25927","1":"product","2":"type-product","3":"status-publish","4":"has-post-thumbnail","6":"product_cat-bolsas","7":"product_cat-kipling","8":"product_cat-todos-os-produtos","9":"latest_post","11":"first","12":"instock","13":"taxable","14":"shipping-taxable","15":"purchasable","16":"product-type-simple"},"_links":{"self":[{"href":"https:\/\/bolsadellas.com.br\/index.php?rest_route=\/wp\/v2\/product\/25927","targetHints":{"allow":["GET"]}}],"collection":[{"href":"https:\/\/bolsadellas.com.br\/index.php?rest_route=\/wp\/v2\/product"}],"about":[{"href":"https:\/\/bolsadellas.com.br\/index.php?rest_route=\/wp\/v2\/types\/product"}],"wp:featuredmedia":[{"embeddable":true,"href":"https:\/\/bolsadellas.com.br\/index.php?rest_route=\/wp\/v2\/media\/25928"}],"wp:attachment":[{"href":"https:\/\/bolsadellas.com.br\/index.php?rest_route=%2Fwp%2Fv2%2Fmedia&parent=25927"}],"wp:term":[{"taxonomy":"product_brand","embeddable":true,"href":"https:\/\/bolsadellas.com.br\/index.php?rest_route=%2Fwp%2Fv2%2Fproduct_brand&post=25927"},{"taxonomy":"product_cat","embeddable":true,"href":"https:\/\/bolsadellas.com.br\/index.php?rest_route=%2Fwp%2Fv2%2Fproduct_cat&post=25927"},{"taxonomy":"product_tag","embeddable":true,"href":"https:\/\/bolsadellas.com.br\/index.php?rest_route=%2Fwp%2Fv2%2Fproduct_tag&post=25927"}],"curies":[{"name":"wp","href":"https:\/\/api.w.org\/{rel}","templated":true}]}}