{"id":25622,"date":"2026-02-22T23:28:16","date_gmt":"2026-02-23T02:28:16","guid":{"rendered":"https:\/\/bolsadellas.com.br\/?post_type=product&#038;p=25622"},"modified":"2026-03-23T09:42:06","modified_gmt":"2026-03-23T12:42:06","slug":"estojo-kipling-gitroy-cinza","status":"publish","type":"product","link":"https:\/\/bolsadellas.com.br\/?product=estojo-kipling-gitroy-cinza","title":{"rendered":"ESTOJO KIPLING GITROY CINZA"},"content":{"rendered":"<p>O Gitroy \u00e9 outro cl\u00e1ssico da Kipling. Ele \u00e9 super espa\u00e7oso, e cont\u00e9m tr\u00eas compartimentos. Nos compartimentos frontal e traseiro, ele possui 24 el\u00e1sticos para acomodar seus l\u00e1pis e canetas com bastante seguran\u00e7a. Em seu compartimento central, ele disp\u00f5e de bastante espa\u00e7o para borrachas, apontadores, colas, tesouras e qualquer outro material que voc\u00ea precise guardar.<\/p>\n<p>23 x 10 x 7 cm.<\/p>\n","protected":false},"excerpt":{"rendered":"<p>O Gitroy \u00e9 outro cl\u00e1ssico da Kipling. Ele \u00e9 super espa\u00e7oso, e cont\u00e9m tr\u00eas compartimentos. Nos compartimentos frontal e traseiro, ele possui 24 el\u00e1sticos para acomodar seus l\u00e1pis e canetas com bastante seguran\u00e7a. Em seu compartimento central, ele disp\u00f5e de bastante espa\u00e7o para borrachas, apontadores, colas, tesouras e qualquer outro material que voc\u00ea precise guardar. &hellip; <\/p>\n","protected":false},"featured_media":25623,"template":"","meta":[],"product_brand":[],"product_cat":[328,356,366],"product_tag":[],"class_list":{"0":"post-25622","1":"product","2":"type-product","3":"status-publish","4":"has-post-thumbnail","6":"product_cat-kipling","7":"product_cat-neccesest","8":"product_cat-todos-os-produtos","9":"latest_post","11":"first","12":"instock","13":"taxable","14":"shipping-taxable","15":"purchasable","16":"product-type-simple"},"_links":{"self":[{"href":"https:\/\/bolsadellas.com.br\/index.php?rest_route=\/wp\/v2\/product\/25622","targetHints":{"allow":["GET"]}}],"collection":[{"href":"https:\/\/bolsadellas.com.br\/index.php?rest_route=\/wp\/v2\/product"}],"about":[{"href":"https:\/\/bolsadellas.com.br\/index.php?rest_route=\/wp\/v2\/types\/product"}],"wp:featuredmedia":[{"embeddable":true,"href":"https:\/\/bolsadellas.com.br\/index.php?rest_route=\/wp\/v2\/media\/25623"}],"wp:attachment":[{"href":"https:\/\/bolsadellas.com.br\/index.php?rest_route=%2Fwp%2Fv2%2Fmedia&parent=25622"}],"wp:term":[{"taxonomy":"product_brand","embeddable":true,"href":"https:\/\/bolsadellas.com.br\/index.php?rest_route=%2Fwp%2Fv2%2Fproduct_brand&post=25622"},{"taxonomy":"product_cat","embeddable":true,"href":"https:\/\/bolsadellas.com.br\/index.php?rest_route=%2Fwp%2Fv2%2Fproduct_cat&post=25622"},{"taxonomy":"product_tag","embeddable":true,"href":"https:\/\/bolsadellas.com.br\/index.php?rest_route=%2Fwp%2Fv2%2Fproduct_tag&post=25622"}],"curies":[{"name":"wp","href":"https:\/\/api.w.org\/{rel}","templated":true}]}}