{"id":25478,"date":"2026-04-22T07:10:52","date_gmt":"2026-04-22T10:10:52","guid":{"rendered":"https:\/\/bolsadellas.com.br\/?post_type=product&#038;p=25478"},"modified":"2026-04-23T12:27:26","modified_gmt":"2026-04-23T15:27:26","slug":"carteira-coach-small-zip-around","status":"publish","type":"product","link":"https:\/\/bolsadellas.com.br\/?product=carteira-coach-small-zip-around","title":{"rendered":"Carteira Coach Small Zip Around"},"content":{"rendered":"<div id=\"details\" class=\"ecn-tab-content active\">\n<div class=\"wrap\">\n<p>&#8211; Couro Crossgrain<\/p>\n<p>&#8211; Dois compartimentos para cart\u00e3o de cr\u00e9dito<\/p>\n<p>&#8211; Tr\u00eas compartimentos abertos<\/p>\n<p>&#8211; Fechamento em z\u00edper<\/p>\n<p>&#8211; 11cm (Largura) x 7cm (Altura) x 2cm (Profundidade)<\/p>\n<\/div>\n<\/div>\n<div id=\"description\" class=\"ecn-tab-content\">\n<h2>DESCRI\u00c7\u00c3O<\/h2>\n<div class=\"wrap\">\n<div class=\"productDescription\">Feito em couro Crossgrain, resistente a arranh\u00f5es, esta carteira tem espa\u00e7o para guardar cart\u00f5es, dinheiro e outros pequenos itens essenciais, em um fino design que cabe facilmente nos bolsos. Detalhado com nosso metal de assinatura, o seu acabamento \u00e9 refor\u00e7ado em acorde\u00e3o e \u00e9 protegida por fecho em z\u00edper.<\/div>\n<\/div>\n<\/div>\n","protected":false},"excerpt":{"rendered":"<p>&#8211; Couro Crossgrain &#8211; Dois compartimentos para cart\u00e3o de cr\u00e9dito &#8211; Tr\u00eas compartimentos abertos &#8211; Fechamento em z\u00edper &#8211; 11cm (Largura) x 7cm (Altura) x 2cm (Profundidade) DESCRI\u00c7\u00c3O Feito em couro Crossgrain, resistente a arranh\u00f5es, esta carteira tem espa\u00e7o para guardar cart\u00f5es, dinheiro e outros pequenos itens essenciais, em um fino design que cabe facilmente &hellip; <\/p>\n","protected":false},"featured_media":25479,"template":"","meta":[],"product_brand":[],"product_cat":[106,109,349,366],"product_tag":[],"class_list":{"0":"post-25478","1":"product","2":"type-product","3":"status-publish","4":"has-post-thumbnail","6":"product_cat-bolsas","7":"product_cat-carteiras","8":"product_cat-coach","9":"product_cat-todos-os-produtos","10":"latest_post","12":"first","13":"instock","14":"taxable","15":"shipping-taxable","16":"purchasable","17":"product-type-simple"},"_links":{"self":[{"href":"https:\/\/bolsadellas.com.br\/index.php?rest_route=\/wp\/v2\/product\/25478","targetHints":{"allow":["GET"]}}],"collection":[{"href":"https:\/\/bolsadellas.com.br\/index.php?rest_route=\/wp\/v2\/product"}],"about":[{"href":"https:\/\/bolsadellas.com.br\/index.php?rest_route=\/wp\/v2\/types\/product"}],"wp:featuredmedia":[{"embeddable":true,"href":"https:\/\/bolsadellas.com.br\/index.php?rest_route=\/wp\/v2\/media\/25479"}],"wp:attachment":[{"href":"https:\/\/bolsadellas.com.br\/index.php?rest_route=%2Fwp%2Fv2%2Fmedia&parent=25478"}],"wp:term":[{"taxonomy":"product_brand","embeddable":true,"href":"https:\/\/bolsadellas.com.br\/index.php?rest_route=%2Fwp%2Fv2%2Fproduct_brand&post=25478"},{"taxonomy":"product_cat","embeddable":true,"href":"https:\/\/bolsadellas.com.br\/index.php?rest_route=%2Fwp%2Fv2%2Fproduct_cat&post=25478"},{"taxonomy":"product_tag","embeddable":true,"href":"https:\/\/bolsadellas.com.br\/index.php?rest_route=%2Fwp%2Fv2%2Fproduct_tag&post=25478"}],"curies":[{"name":"wp","href":"https:\/\/api.w.org\/{rel}","templated":true}]}}