{"id":24486,"date":"2026-04-02T13:48:17","date_gmt":"2026-04-02T16:48:17","guid":{"rendered":"https:\/\/bolsadellas.com.br\/?post_type=product&#038;p=24486"},"modified":"2026-04-16T11:20:32","modified_gmt":"2026-04-16T14:20:32","slug":"bolsa-victor-hugo-lucky-catena-elos-rosso","status":"publish","type":"product","link":"https:\/\/bolsadellas.com.br\/?product=bolsa-victor-hugo-lucky-catena-elos-rosso","title":{"rendered":"Bolsa Victor Hugo Lucky catena elos"},"content":{"rendered":"<div class=\"col-span-2\">\n<div class=\"flex h-full bg-primary-100 cursor-pointer group box-border\">\n<div class=\"flex max-h-full w-full\"><\/div>\n<\/div>\n<\/div>\n<div class=\"my-5 mx-auto hidden lg:flex col-span-2\">\n<div class=\"flex flex-col\">\n<div class=\"block transition-height duration-500 ease-in-out relative overflow-hidden h-full\">\n<h2 class=\"text-sm mb-4 font-normal border-b w-min border-primary-800 pb-1\">Descri\u00e7\u00e3o<\/h2>\n<div class=\"text-sm mb-10\">\n<div class=\"text-sm\">Vers\u00e1til e funcional, a Bolsa Lucky Catena Shoulder Duca Elos VH pode ser usada de diferentes formas. Possui al\u00e7a longa remov\u00edvel em couro para usar na transversal e deixar as m\u00e3os livres, ou com a al\u00e7a de corrente dourada como uma delicada Clutch. A Cole\u00e7\u00e3o ELOS VH \u00e9 uma releitura da Cl\u00e1ssica estampa da marca nos anos 80. Artes\u00e3os realizam com maestria o trabalho da prensa no Couro de alt\u00edssima qualidade. Real\u00e7ando o DNA e heran\u00e7a da VICTOR HUGO.<\/div>\n<\/div>\n<h2 class=\"text-sm mb-4 font-normal border-b w-min border-primary-800 pb-1\">Detalhes<\/h2>\n<div class=\"text-sm\">\n<div class=\"flex w-full flex-wrap\">\n<div class=\"mr-1 mb-2\"><strong>Dimens\u00f5es:<\/strong><\/div>\n<div class=\"\">13 x 22 x 1,5 cm (Altura x Largura x Comprimento)<\/div>\n<\/div>\n<div class=\"flex w-full flex-wrap\">\n<div class=\"mr-1 mb-2\"><strong>Cuidados de Uso:<\/strong><\/div>\n<div class=\"\">\n<p>Material Couro:<\/p>\n<p>Este produto \u00e9 fabricado em pele bovina\u00a0da mais alta qualidade. N\u00e3o s\u00e3o empregados no seu acabamento lacas ou vernizes sint\u00e9ticos apenas ceras naturais para preservar as caracter\u00edsticas da pele.<\/p>\n<p>Essa peculiaridade exige cuidados especiais:<\/p>\n<ul class=\"flex flex-col list-disc gap-y-4 mt-2 pl-6\">\n<li>Este couro sofrer\u00e1 dano com o alto atrito como o provocado por unhas ou superf\u00edcies \u00e1speras.<\/li>\n<li>T\u00e3o pouco permanecer\u00e1 integro sob a a\u00e7\u00e3o de \u00e1gua solventes perfumes cremes gordurosos ou em contato com corantes e tintas.<\/li>\n<li>No decorrer do tempo algumas tonalidades claras sofrer\u00e3o altera\u00e7\u00e3o de cor pois a simples exposi\u00e7\u00e3o \u00e0 luz solar ou artificial oxidar\u00e1 os componentes do curtimento conferindo \u00e0 pele um tom de bege suave.<\/li>\n<li>Cores claras poder\u00e3o manchar quando em contato com outros objetos ou roupas de cores pigmentadas.<\/li>\n<li>Quando fora de uso recomendamos que o produto seja conservado na bolsa de prote\u00e7\u00e3o VICTOR HUGO.<\/li>\n<\/ul>\n<\/div>\n<\/div>\n<\/div>\n<\/div>\n<\/div>\n<\/div>\n","protected":false},"excerpt":{"rendered":"<p>Descri\u00e7\u00e3o Vers\u00e1til e funcional, a Bolsa Lucky Catena Shoulder Duca Elos VH pode ser usada de diferentes formas. Possui al\u00e7a longa remov\u00edvel em couro para usar na transversal e deixar as m\u00e3os livres, ou com a al\u00e7a de corrente dourada como uma delicada Clutch. A Cole\u00e7\u00e3o ELOS VH \u00e9 uma releitura da Cl\u00e1ssica estampa da &hellip; <\/p>\n","protected":false},"featured_media":31241,"template":"","meta":[],"product_brand":[],"product_cat":[106,366,316],"product_tag":[],"class_list":{"0":"post-24486","1":"product","2":"type-product","3":"status-publish","4":"has-post-thumbnail","6":"product_cat-bolsas","7":"product_cat-todos-os-produtos","8":"product_cat-v-hugo","9":"latest_post","11":"first","12":"instock","13":"taxable","14":"shipping-taxable","15":"purchasable","16":"product-type-simple"},"_links":{"self":[{"href":"https:\/\/bolsadellas.com.br\/index.php?rest_route=\/wp\/v2\/product\/24486","targetHints":{"allow":["GET"]}}],"collection":[{"href":"https:\/\/bolsadellas.com.br\/index.php?rest_route=\/wp\/v2\/product"}],"about":[{"href":"https:\/\/bolsadellas.com.br\/index.php?rest_route=\/wp\/v2\/types\/product"}],"wp:featuredmedia":[{"embeddable":true,"href":"https:\/\/bolsadellas.com.br\/index.php?rest_route=\/wp\/v2\/media\/31241"}],"wp:attachment":[{"href":"https:\/\/bolsadellas.com.br\/index.php?rest_route=%2Fwp%2Fv2%2Fmedia&parent=24486"}],"wp:term":[{"taxonomy":"product_brand","embeddable":true,"href":"https:\/\/bolsadellas.com.br\/index.php?rest_route=%2Fwp%2Fv2%2Fproduct_brand&post=24486"},{"taxonomy":"product_cat","embeddable":true,"href":"https:\/\/bolsadellas.com.br\/index.php?rest_route=%2Fwp%2Fv2%2Fproduct_cat&post=24486"},{"taxonomy":"product_tag","embeddable":true,"href":"https:\/\/bolsadellas.com.br\/index.php?rest_route=%2Fwp%2Fv2%2Fproduct_tag&post=24486"}],"curies":[{"name":"wp","href":"https:\/\/api.w.org\/{rel}","templated":true}]}}